{"id":1496,"date":"2024-07-30T10:47:25","date_gmt":"2024-07-30T10:47:25","guid":{"rendered":"https:\/\/ofrendasfotograficas.net\/?page_id=1496"},"modified":"2024-07-31T14:54:37","modified_gmt":"2024-07-31T14:54:37","slug":"accion-copiapo","status":"publish","type":"page","link":"https:\/\/ofrendasfotograficas.net\/?page_id=1496","title":{"rendered":"Acci\u00f3n Copiap\u00f3"},"content":{"rendered":"\t\t<div data-elementor-type=\"wp-page\" data-elementor-id=\"1496\" class=\"elementor elementor-1496\">\n\t\t\t\t\t\t\t\t\t<section class=\"elementor-section elementor-top-section elementor-element elementor-element-92ae1a1 elementor-section-boxed elementor-section-height-default elementor-section-height-default\" data-id=\"92ae1a1\" data-element_type=\"section\">\n\t\t\t\t\t\t<div class=\"elementor-container elementor-column-gap-default\">\n\t\t\t\t\t<div class=\"elementor-column elementor-col-100 elementor-top-column elementor-element elementor-element-9d1c864\" data-id=\"9d1c864\" data-element_type=\"column\">\n\t\t\t<div class=\"elementor-widget-wrap elementor-element-populated\">\n\t\t\t\t\t\t\t\t<div class=\"elementor-element elementor-element-28c6323 elementor-widget elementor-widget-text-editor\" data-id=\"28c6323\" data-element_type=\"widget\" data-widget_type=\"text-editor.default\">\n\t\t\t\t<div class=\"elementor-widget-container\">\n\t\t\t<style>\/*! elementor - v3.15.0 - 20-08-2023 *\/\n.elementor-widget-text-editor.elementor-drop-cap-view-stacked .elementor-drop-cap{background-color:#69727d;color:#fff}.elementor-widget-text-editor.elementor-drop-cap-view-framed .elementor-drop-cap{color:#69727d;border:3px solid;background-color:transparent}.elementor-widget-text-editor:not(.elementor-drop-cap-view-default) .elementor-drop-cap{margin-top:8px}.elementor-widget-text-editor:not(.elementor-drop-cap-view-default) .elementor-drop-cap-letter{width:1em;height:1em}.elementor-widget-text-editor .elementor-drop-cap{float:left;text-align:center;line-height:1;font-size:50px}.elementor-widget-text-editor .elementor-drop-cap-letter{display:inline-block}<\/style>\t\t\t\t<p><b>-Acci\u00f3n Lesbofobia en Copiap\u00f3 (2015).<\/b><\/p><p>Trabajamos con\u00a0 el <i>C\u00edrculo de las Morganas<\/i>, un grupo de mujeres feministas que han logrado reconocimiento por poner en tapete la violencia de g\u00e9nero en la regi\u00f3n de Atacama. Realizamos una acci\u00f3n de homenaje a M\u00f3nica Briones en los muros de la Universidad de Atacama acompa\u00f1adas por Ximena Riffo, autora de esta obra.<\/p><p>Por la noche junto a P\u00eda Acu\u00f1a y Manuel Ormaz\u00e1bal nos desplazamos por la ciudad de Copiap\u00f3 para instalar la obra de P\u00eda y una fotograf\u00eda de Gabriela Rivera Lucero, en diferentes puntos del centro de la ciudad.<\/p>\t\t\t\t\t\t<\/div>\n\t\t\t\t<\/div>\n\t\t\t\t\t<\/div>\n\t\t<\/div>\n\t\t\t\t\t\t\t<\/div>\n\t\t<\/section>\n\t\t\t\t<section class=\"elementor-section elementor-top-section elementor-element elementor-element-9c24ce7 elementor-section-boxed elementor-section-height-default elementor-section-height-default\" data-id=\"9c24ce7\" data-element_type=\"section\">\n\t\t\t\t\t\t<div class=\"elementor-container elementor-column-gap-default\">\n\t\t\t\t\t<div class=\"elementor-column elementor-col-100 elementor-top-column elementor-element elementor-element-169daa6\" data-id=\"169daa6\" data-element_type=\"column\">\n\t\t\t<div class=\"elementor-widget-wrap elementor-element-populated\">\n\t\t\t\t\t\t\t\t<div class=\"elementor-element elementor-element-edfd2ad elementor-widget elementor-widget-image-gallery\" data-id=\"edfd2ad\" data-element_type=\"widget\" data-widget_type=\"image-gallery.default\">\n\t\t\t\t<div class=\"elementor-widget-container\">\n\t\t\t<style>\/*! elementor - v3.15.0 - 20-08-2023 *\/\n.elementor-image-gallery .gallery-item{display:inline-block;text-align:center;vertical-align:top;width:100%;max-width:100%;margin:0 auto}.elementor-image-gallery .gallery-item img{margin:0 auto}.elementor-image-gallery .gallery-item .gallery-caption{margin:0}.elementor-image-gallery figure img{display:block}.elementor-image-gallery figure figcaption{width:100%}.gallery-spacing-custom .elementor-image-gallery .gallery-icon{padding:0}@media (min-width:768px){.elementor-image-gallery .gallery-columns-2 .gallery-item{max-width:50%}.elementor-image-gallery .gallery-columns-3 .gallery-item{max-width:33.33%}.elementor-image-gallery .gallery-columns-4 .gallery-item{max-width:25%}.elementor-image-gallery .gallery-columns-5 .gallery-item{max-width:20%}.elementor-image-gallery .gallery-columns-6 .gallery-item{max-width:16.666%}.elementor-image-gallery .gallery-columns-7 .gallery-item{max-width:14.28%}.elementor-image-gallery .gallery-columns-8 .gallery-item{max-width:12.5%}.elementor-image-gallery .gallery-columns-9 .gallery-item{max-width:11.11%}.elementor-image-gallery .gallery-columns-10 .gallery-item{max-width:10%}}@media (min-width:480px) and (max-width:767px){.elementor-image-gallery .gallery.gallery-columns-2 .gallery-item,.elementor-image-gallery .gallery.gallery-columns-3 .gallery-item,.elementor-image-gallery .gallery.gallery-columns-4 .gallery-item,.elementor-image-gallery .gallery.gallery-columns-5 .gallery-item,.elementor-image-gallery .gallery.gallery-columns-6 .gallery-item,.elementor-image-gallery .gallery.gallery-columns-7 .gallery-item,.elementor-image-gallery .gallery.gallery-columns-8 .gallery-item,.elementor-image-gallery .gallery.gallery-columns-9 .gallery-item,.elementor-image-gallery .gallery.gallery-columns-10 .gallery-item{max-width:50%}}@media (max-width:479px){.elementor-image-gallery .gallery.gallery-columns-2 .gallery-item,.elementor-image-gallery .gallery.gallery-columns-3 .gallery-item,.elementor-image-gallery .gallery.gallery-columns-4 .gallery-item,.elementor-image-gallery .gallery.gallery-columns-5 .gallery-item,.elementor-image-gallery .gallery.gallery-columns-6 .gallery-item,.elementor-image-gallery .gallery.gallery-columns-7 .gallery-item,.elementor-image-gallery .gallery.gallery-columns-8 .gallery-item,.elementor-image-gallery .gallery.gallery-columns-9 .gallery-item,.elementor-image-gallery .gallery.gallery-columns-10 .gallery-item{max-width:100%}}<\/style>\t\t<div class=\"elementor-image-gallery\">\n\t\t\t<div id='gallery-1' class='gallery galleryid-1496 gallery-columns-1 gallery-size-large'><figure class='gallery-item'>\n\t\t\t<div class='gallery-icon landscape'>\n\t\t\t\t<a data-elementor-open-lightbox=\"yes\" data-elementor-lightbox-slideshow=\"edfd2ad\" data-elementor-lightbox-title=\"Accion Copiapo 02\" data-e-action-hash=\"#elementor-action%3Aaction%3Dlightbox%26settings%3DeyJpZCI6MTUyMSwidXJsIjoiaHR0cHM6XC9cL29mcmVuZGFzZm90b2dyYWZpY2FzLm5ldFwvd3AtY29udGVudFwvdXBsb2Fkc1wvMjAyNFwvMDdcL0FjY2lvbi1Db3BpYXBvLTAyLmpwZyIsInNsaWRlc2hvdyI6ImVkZmQyYWQifQ%3D%3D\" href='https:\/\/ofrendasfotograficas.net\/wp-content\/uploads\/2024\/07\/Accion-Copiapo-02.jpg'><img width=\"950\" height=\"634\" src=\"https:\/\/ofrendasfotograficas.net\/wp-content\/uploads\/2024\/07\/Accion-Copiapo-02.jpg\" class=\"attachment-large size-large\" alt=\"Grupo de mujeres pegando sobre un muro de color marr\u00f3n fragmentos de im\u00e1genes que conformar\u00e1n una imagen fotogr\u00e1fica en gran formato de una acci\u00f3n en torno a la lesbofobia realizada por la fot\u00f3grafa Ximena Riffo Pi\u00f1a, honrando la memoria de M\u00f3nica Briones . La personas se ven de espalda y solo una de perfil siendo ella Ximena Riffo Pi\u00f1a.\" decoding=\"async\" loading=\"lazy\" srcset=\"https:\/\/ofrendasfotograficas.net\/wp-content\/uploads\/2024\/07\/Accion-Copiapo-02.jpg 1000w, https:\/\/ofrendasfotograficas.net\/wp-content\/uploads\/2024\/07\/Accion-Copiapo-02-300x200.jpg 300w, https:\/\/ofrendasfotograficas.net\/wp-content\/uploads\/2024\/07\/Accion-Copiapo-02-768x512.jpg 768w, https:\/\/ofrendasfotograficas.net\/wp-content\/uploads\/2024\/07\/Accion-Copiapo-02-600x400.jpg 600w\" sizes=\"100vw\" \/><\/a>\n\t\t\t<\/div><\/figure><figure class='gallery-item'>\n\t\t\t<div class='gallery-icon landscape'>\n\t\t\t\t<a data-elementor-open-lightbox=\"yes\" data-elementor-lightbox-slideshow=\"edfd2ad\" data-elementor-lightbox-title=\"Accion Copiapo 03\" data-e-action-hash=\"#elementor-action%3Aaction%3Dlightbox%26settings%3DeyJpZCI6MTUyMiwidXJsIjoiaHR0cHM6XC9cL29mcmVuZGFzZm90b2dyYWZpY2FzLm5ldFwvd3AtY29udGVudFwvdXBsb2Fkc1wvMjAyNFwvMDdcL0FjY2lvbi1Db3BpYXBvLTAzLmpwZyIsInNsaWRlc2hvdyI6ImVkZmQyYWQifQ%3D%3D\" href='https:\/\/ofrendasfotograficas.net\/wp-content\/uploads\/2024\/07\/Accion-Copiapo-03.jpg'><img width=\"950\" height=\"634\" src=\"https:\/\/ofrendasfotograficas.net\/wp-content\/uploads\/2024\/07\/Accion-Copiapo-03.jpg\" class=\"attachment-large size-large\" alt=\"Una mujer est\u00e1 de espaldas y con sus brazos estirados termina de pegar sobre el mismo edificio de color marr\u00f3n la imagen fotogr\u00e1fica en gran formato acerca de la acci\u00f3n Lesbofobia, dicha fotograf\u00eda es en blanco y negro y contrasta con el muro, en ella se ven dos mujeres bes\u00e1ndose.\" decoding=\"async\" loading=\"lazy\" srcset=\"https:\/\/ofrendasfotograficas.net\/wp-content\/uploads\/2024\/07\/Accion-Copiapo-03.jpg 1000w, https:\/\/ofrendasfotograficas.net\/wp-content\/uploads\/2024\/07\/Accion-Copiapo-03-300x200.jpg 300w, https:\/\/ofrendasfotograficas.net\/wp-content\/uploads\/2024\/07\/Accion-Copiapo-03-768x512.jpg 768w, https:\/\/ofrendasfotograficas.net\/wp-content\/uploads\/2024\/07\/Accion-Copiapo-03-600x400.jpg 600w\" sizes=\"100vw\" \/><\/a>\n\t\t\t<\/div><\/figure><figure class='gallery-item'>\n\t\t\t<div class='gallery-icon landscape'>\n\t\t\t\t<a data-elementor-open-lightbox=\"yes\" data-elementor-lightbox-slideshow=\"edfd2ad\" data-elementor-lightbox-title=\"Accion Copiapo 01\" data-e-action-hash=\"#elementor-action%3Aaction%3Dlightbox%26settings%3DeyJpZCI6MTUyMCwidXJsIjoiaHR0cHM6XC9cL29mcmVuZGFzZm90b2dyYWZpY2FzLm5ldFwvd3AtY29udGVudFwvdXBsb2Fkc1wvMjAyNFwvMDdcL0FjY2lvbi1Db3BpYXBvLTAxLmpwZyIsInNsaWRlc2hvdyI6ImVkZmQyYWQifQ%3D%3D\" href='https:\/\/ofrendasfotograficas.net\/wp-content\/uploads\/2024\/07\/Accion-Copiapo-01.jpg'><img width=\"950\" height=\"634\" src=\"https:\/\/ofrendasfotograficas.net\/wp-content\/uploads\/2024\/07\/Accion-Copiapo-01.jpg\" class=\"attachment-large size-large\" alt=\"Se aprecia a dos mujeres en primer plano y manos de una tercera persona pegando una gigantografia sobre un muro de color rojizo. Se puede reconocer el esfuerzo que realizan al presionar sobre el muro la fotograf\u00eda y ver sus manos apretando la imagen impresa sobre papel.\" decoding=\"async\" loading=\"lazy\" srcset=\"https:\/\/ofrendasfotograficas.net\/wp-content\/uploads\/2024\/07\/Accion-Copiapo-01.jpg 1000w, https:\/\/ofrendasfotograficas.net\/wp-content\/uploads\/2024\/07\/Accion-Copiapo-01-300x200.jpg 300w, https:\/\/ofrendasfotograficas.net\/wp-content\/uploads\/2024\/07\/Accion-Copiapo-01-768x512.jpg 768w, https:\/\/ofrendasfotograficas.net\/wp-content\/uploads\/2024\/07\/Accion-Copiapo-01-600x400.jpg 600w\" sizes=\"100vw\" \/><\/a>\n\t\t\t<\/div><\/figure><figure class='gallery-item'>\n\t\t\t<div class='gallery-icon landscape'>\n\t\t\t\t<a data-elementor-open-lightbox=\"yes\" data-elementor-lightbox-slideshow=\"edfd2ad\" data-elementor-lightbox-title=\"Accion Copiapo 04\" data-e-action-hash=\"#elementor-action%3Aaction%3Dlightbox%26settings%3DeyJpZCI6MTUyMywidXJsIjoiaHR0cHM6XC9cL29mcmVuZGFzZm90b2dyYWZpY2FzLm5ldFwvd3AtY29udGVudFwvdXBsb2Fkc1wvMjAyNFwvMDdcL0FjY2lvbi1Db3BpYXBvLTA0LmpwZyIsInNsaWRlc2hvdyI6ImVkZmQyYWQifQ%3D%3D\" href='https:\/\/ofrendasfotograficas.net\/wp-content\/uploads\/2024\/07\/Accion-Copiapo-04.jpg'><img width=\"950\" height=\"634\" src=\"https:\/\/ofrendasfotograficas.net\/wp-content\/uploads\/2024\/07\/Accion-Copiapo-04.jpg\" class=\"attachment-large size-large\" alt=\"Paisaje nocturno donde se aprecia un muro blanco que abarca la imagen de izquierda a derecha, sobre este muro se reconoce una imagen fotogr\u00e1fica de gran formato impresa en blanco y negro, obra de Gabriela Rivera, en la imagen se lee un texto que dice \u201caguantar\u201d, al costado izquierdo de la fotograf\u00eda aparece un texto impreso con el nombre del proyecto Ofrendas fotogr\u00e1ficas y un QR.\" decoding=\"async\" loading=\"lazy\" srcset=\"https:\/\/ofrendasfotograficas.net\/wp-content\/uploads\/2024\/07\/Accion-Copiapo-04.jpg 1000w, https:\/\/ofrendasfotograficas.net\/wp-content\/uploads\/2024\/07\/Accion-Copiapo-04-300x200.jpg 300w, https:\/\/ofrendasfotograficas.net\/wp-content\/uploads\/2024\/07\/Accion-Copiapo-04-768x512.jpg 768w, https:\/\/ofrendasfotograficas.net\/wp-content\/uploads\/2024\/07\/Accion-Copiapo-04-600x400.jpg 600w\" sizes=\"100vw\" \/><\/a>\n\t\t\t<\/div><\/figure><figure class='gallery-item'>\n\t\t\t<div class='gallery-icon landscape'>\n\t\t\t\t<a data-elementor-open-lightbox=\"yes\" data-elementor-lightbox-slideshow=\"edfd2ad\" data-elementor-lightbox-title=\"Accion Copiapo 05\" data-e-action-hash=\"#elementor-action%3Aaction%3Dlightbox%26settings%3DeyJpZCI6MTUyNCwidXJsIjoiaHR0cHM6XC9cL29mcmVuZGFzZm90b2dyYWZpY2FzLm5ldFwvd3AtY29udGVudFwvdXBsb2Fkc1wvMjAyNFwvMDdcL0FjY2lvbi1Db3BpYXBvLTA1LmpwZyIsInNsaWRlc2hvdyI6ImVkZmQyYWQifQ%3D%3D\" href='https:\/\/ofrendasfotograficas.net\/wp-content\/uploads\/2024\/07\/Accion-Copiapo-05.jpg'><img width=\"950\" height=\"634\" src=\"https:\/\/ofrendasfotograficas.net\/wp-content\/uploads\/2024\/07\/Accion-Copiapo-05.jpg\" class=\"attachment-large size-large\" alt=\"Plano general urbano y toma nocturna donde se reconoce un muro rojizo sobre el se ha dispuesto una imagen fotogr\u00e1fica de gran formato a color, obra de Pia Acu\u00f1a Molina, en la imagen apreciamos un paisaje con un cactus, al costado derecho de la fotograf\u00eda hay un texto impreso con el nombre del proyecto Ofrendas Fotogr\u00e1ficas y un QR.\" decoding=\"async\" loading=\"lazy\" srcset=\"https:\/\/ofrendasfotograficas.net\/wp-content\/uploads\/2024\/07\/Accion-Copiapo-05.jpg 1000w, https:\/\/ofrendasfotograficas.net\/wp-content\/uploads\/2024\/07\/Accion-Copiapo-05-300x200.jpg 300w, https:\/\/ofrendasfotograficas.net\/wp-content\/uploads\/2024\/07\/Accion-Copiapo-05-768x512.jpg 768w, https:\/\/ofrendasfotograficas.net\/wp-content\/uploads\/2024\/07\/Accion-Copiapo-05-600x400.jpg 600w\" sizes=\"100vw\" \/><\/a>\n\t\t\t<\/div><\/figure>\n\t\t<\/div>\n\t\t<\/div>\n\t\t\t\t<\/div>\n\t\t\t\t<\/div>\n\t\t\t\t\t<\/div>\n\t\t<\/div>\n\t\t\t\t\t\t\t<\/div>\n\t\t<\/section>\n\t\t\t\t<section class=\"elementor-section elementor-top-section elementor-element elementor-element-297ad40 elementor-section-boxed elementor-section-height-default elementor-section-height-default\" data-id=\"297ad40\" data-element_type=\"section\">\n\t\t\t\t\t\t<div class=\"elementor-container elementor-column-gap-default\">\n\t\t\t\t\t<div class=\"elementor-column elementor-col-100 elementor-top-column elementor-element elementor-element-9a04cd0\" data-id=\"9a04cd0\" data-element_type=\"column\">\n\t\t\t<div class=\"elementor-widget-wrap elementor-element-populated\">\n\t\t\t\t\t\t\t\t<div class=\"elementor-element elementor-element-17442c2 elementor-widget elementor-widget-text-editor\" data-id=\"17442c2\" data-element_type=\"widget\" data-widget_type=\"text-editor.default\">\n\t\t\t\t<div class=\"elementor-widget-container\">\n\t\t\t\t\t\t\t<p>Agradecemos el montaje a P\u00eda Acu\u00f1a Molina, Manuel Hormaz\u00e1bal, C\u00edrculo Las Morganas. y a todas, todos quienes participaron e hicieron posible esta intervenci\u00f3n en el espacio p\u00fablico de Copiap\u00f3.<\/p><p>\u00a0<\/p><p>\u00a0<\/p>\t\t\t\t\t\t<\/div>\n\t\t\t\t<\/div>\n\t\t\t\t\t<\/div>\n\t\t<\/div>\n\t\t\t\t\t\t\t<\/div>\n\t\t<\/section>\n\t\t\t\t\t\t\t<\/div>\n\t\t","protected":false},"excerpt":{"rendered":"<p>-Acci\u00f3n Lesbofobia en Copiap\u00f3 (2015). Trabajamos con\u00a0 el C\u00edrculo de las Morganas, un grupo de mujeres feministas que han logrado reconocimiento por poner en tapete la violencia de g\u00e9nero en la regi\u00f3n de Atacama. Realizamos una acci\u00f3n de homenaje a M\u00f3nica Briones en los muros de la Universidad de Atacama acompa\u00f1adas por Ximena Riffo, autora &hellip; <\/p>\n<p class=\"link-more\"><a href=\"https:\/\/ofrendasfotograficas.net\/?page_id=1496\" class=\"more-link\">Leer m\u00e1s<span class=\"screen-reader-text\"> \u00abAcci\u00f3n Copiap\u00f3\u00bb<\/span><\/a><\/p>\n","protected":false},"author":1,"featured_media":0,"parent":0,"menu_order":0,"comment_status":"closed","ping_status":"closed","template":"","meta":[],"featured_media_urls":[],"_links":{"self":[{"href":"https:\/\/ofrendasfotograficas.net\/index.php?rest_route=\/wp\/v2\/pages\/1496"}],"collection":[{"href":"https:\/\/ofrendasfotograficas.net\/index.php?rest_route=\/wp\/v2\/pages"}],"about":[{"href":"https:\/\/ofrendasfotograficas.net\/index.php?rest_route=\/wp\/v2\/types\/page"}],"author":[{"embeddable":true,"href":"https:\/\/ofrendasfotograficas.net\/index.php?rest_route=\/wp\/v2\/users\/1"}],"replies":[{"embeddable":true,"href":"https:\/\/ofrendasfotograficas.net\/index.php?rest_route=%2Fwp%2Fv2%2Fcomments&post=1496"}],"version-history":[{"count":22,"href":"https:\/\/ofrendasfotograficas.net\/index.php?rest_route=\/wp\/v2\/pages\/1496\/revisions"}],"predecessor-version":[{"id":1922,"href":"https:\/\/ofrendasfotograficas.net\/index.php?rest_route=\/wp\/v2\/pages\/1496\/revisions\/1922"}],"wp:attachment":[{"href":"https:\/\/ofrendasfotograficas.net\/index.php?rest_route=%2Fwp%2Fv2%2Fmedia&parent=1496"}],"curies":[{"name":"wp","href":"https:\/\/api.w.org\/{rel}","templated":true}]}}