{"id":594,"date":"2024-07-02T16:46:50","date_gmt":"2024-07-02T16:46:50","guid":{"rendered":"https:\/\/ofrendasfotograficas.net\/?page_id=594"},"modified":"2024-08-23T15:46:51","modified_gmt":"2024-08-23T15:46:51","slug":"sumiko-muray-prado","status":"publish","type":"page","link":"https:\/\/ofrendasfotograficas.net\/?page_id=594","title":{"rendered":"Sumiko Muray Prado"},"content":{"rendered":"\t\t<div data-elementor-type=\"wp-page\" data-elementor-id=\"594\" class=\"elementor elementor-594\">\n\t\t\t\t\t\t\t\t\t<section class=\"elementor-section elementor-top-section elementor-element elementor-element-a7d38d0 elementor-section-boxed elementor-section-height-default elementor-section-height-default\" data-id=\"a7d38d0\" data-element_type=\"section\">\n\t\t\t\t\t\t<div class=\"elementor-container elementor-column-gap-default\">\n\t\t\t\t\t<div class=\"elementor-column elementor-col-100 elementor-top-column elementor-element elementor-element-f449b1f\" data-id=\"f449b1f\" data-element_type=\"column\">\n\t\t\t<div class=\"elementor-widget-wrap elementor-element-populated\">\n\t\t\t\t\t\t\t\t<div class=\"elementor-element elementor-element-e705586 elementor-widget elementor-widget-text-editor\" data-id=\"e705586\" data-element_type=\"widget\" data-widget_type=\"text-editor.default\">\n\t\t\t\t<div class=\"elementor-widget-container\">\n\t\t\t<style>\/*! elementor - v3.15.0 - 20-08-2023 *\/\n.elementor-widget-text-editor.elementor-drop-cap-view-stacked .elementor-drop-cap{background-color:#69727d;color:#fff}.elementor-widget-text-editor.elementor-drop-cap-view-framed .elementor-drop-cap{color:#69727d;border:3px solid;background-color:transparent}.elementor-widget-text-editor:not(.elementor-drop-cap-view-default) .elementor-drop-cap{margin-top:8px}.elementor-widget-text-editor:not(.elementor-drop-cap-view-default) .elementor-drop-cap-letter{width:1em;height:1em}.elementor-widget-text-editor .elementor-drop-cap{float:left;text-align:center;line-height:1;font-size:50px}.elementor-widget-text-editor .elementor-drop-cap-letter{display:inline-block}<\/style>\t\t\t\t<p>Soy artista visual chilena descendiente japonesa. He cursado estudios en dise\u00f1o y artes, en la Universidad de Chile, centrando mi obra en el espectro de lo fotogr\u00e1fico. Me interesa generar im\u00e1genes sobre las posibilidades de representaci\u00f3n para las realidades fuera de los estereotipos, principalmente orientadas a cuestionar, a trav\u00e9s de estrategias que rozan la apropiaci\u00f3n y la performance fotogr\u00e1fica, las construcciones sociales sobre lo que es correcto o lo establecido.<\/p><p>He participado en residencias art\u00edsticas del FIFV, con Max Pam y Matt Siber; talleres con Luis Gonz\u00e1lez Palma, Nelson Garrido, Nathalie Goffard y Curatoria Forense. Y expuesto, individual y colectivamente, en diversos espacios culturales en Chile, Uruguay, Espa\u00f1a y Alemania.<\/p><p>Dirig\u00ed por a\u00f1os Revuelta, un proyecto transdisciplinario, itinerante y contracultural, donde hicimos 12 eventos perform\u00e1ticos cada uno con la participaci\u00f3n de numerosos artistas, en Santiago y Montevideo; actualmente inactivo pero latente. Desde el a\u00f1o pasado me encuentro indagando en la escritura.<\/p><p>\u00a0<\/p><p><strong>\u00bfC\u00f3mo viviste el proceso de creaci\u00f3n para Ofrendas Fotogr\u00e1ficas?\u00a0<\/strong><\/p><p>El proceso art\u00edstico de ofrendas fue un espacio distinto de creaci\u00f3n, principalmente por el formato colectivo y de acompa\u00f1amiento que propusieron Andrea y Gabriela, donde pude ver de cerca los procesos creativos de otras mujeres fot\u00f3grafas y aprender junto a ellas sobre artivismo, lo que nos hizo enfocar de una manera m\u00e1s comprometida y conectada todo el proceso de obra.<\/p><p>Respecto de mi proceso individual fue complejo encontrar desde donde abordar el tema, por la violencia, dolor e injusticia hist\u00f3rica que lo constituyen. Finalmente deriv\u00e9 en usar un tono de humor negro absurdo con im\u00e1genes ic\u00f3nicas de los medios, que incluyen la deconstrucci\u00f3n de estereotipos de g\u00e9nero y gr\u00e1fica de emergencia llevada a lo dom\u00e9stico.<\/p><p><br \/><strong>\u00bfC\u00f3mo percibes la situaci\u00f3n de violencia hacia mujeres y disidencias en Chile, comparado con el a\u00f1o 2015 cuando se inici\u00f3 este proyecto?<\/strong><\/p><p>Desde el 2016 a la fecha, en lo personal he dejado de ver noticias en medios de prensa, sin embargo, veo constantemente personas buscando a mujeres perdidas en redes sociales, denuncias p\u00fablicas de golpizas a mujeres lesbianas o violencias motivadas por el transodio. En estos a\u00f1os he sabido de mujeres cercanas que han sido v\u00edctimas de acoso sexual e incluso violaci\u00f3n. Creo que permanece la impunidad, por lo mismo pocas mujeres denuncian y se ha normalizado no hacer nada al respecto, adem\u00e1s el proceso sigue siendo una revictimizaci\u00f3n para quien sufri\u00f3 el ataque.<\/p><p>Personalmente creo que los mayores responsables de esto son los medios de comunicaci\u00f3n, que siguen\u00a0 repitiendo el discurso dominante. Se siguen mostrando estos cr\u00edmenes machistas y de odio como eventos pasivos que les ocurren a las mujeres, rara vez se menciona a los culpables. Y en redes sociales pasa lo mismo. \u00daltimamente se me hizo dif\u00edcil ver un bombardeo de im\u00e1genes pornogr\u00e1ficas del genocidio al pueblo palestino, o tambi\u00e9n im\u00e1genes de violencia contra los animales, sin embargo sigue siendo un pez\u00f3n la imagen que han definido como lo m\u00e1s aberrante que se podr\u00eda mostrar y autom\u00e1ticamente se censura. Y as\u00ed, se construye realidad y se sigue demonizando el cuerpo femenino, e infantilizando y animalizando la capacidad masculina del control de impulsos.<\/p>\t\t\t\t\t\t<\/div>\n\t\t\t\t<\/div>\n\t\t\t\t\t<\/div>\n\t\t<\/div>\n\t\t\t\t\t\t\t<\/div>\n\t\t<\/section>\n\t\t\t\t<section class=\"elementor-section elementor-top-section elementor-element elementor-element-e039b8d elementor-section-boxed elementor-section-height-default elementor-section-height-default\" data-id=\"e039b8d\" data-element_type=\"section\">\n\t\t\t\t\t\t<div class=\"elementor-container elementor-column-gap-default\">\n\t\t\t\t\t<div class=\"elementor-column elementor-col-100 elementor-top-column elementor-element elementor-element-e49693c\" data-id=\"e49693c\" data-element_type=\"column\">\n\t\t\t<div class=\"elementor-widget-wrap elementor-element-populated\">\n\t\t\t\t\t\t\t\t<div class=\"elementor-element elementor-element-c933a3d elementor-widget elementor-widget-text-editor\" data-id=\"c933a3d\" data-element_type=\"widget\" data-widget_type=\"text-editor.default\">\n\t\t\t\t<div class=\"elementor-widget-container\">\n\t\t\t\t\t\t\t<p>\u00a0<\/p><p>\u00a0<\/p>\t\t\t\t\t\t<\/div>\n\t\t\t\t<\/div>\n\t\t\t\t\t<\/div>\n\t\t<\/div>\n\t\t\t\t\t\t\t<\/div>\n\t\t<\/section>\n\t\t\t\t\t\t\t<\/div>\n\t\t","protected":false},"excerpt":{"rendered":"<p>Soy artista visual chilena descendiente japonesa. He cursado estudios en dise\u00f1o y artes, en la Universidad de Chile, centrando mi obra en el espectro de lo fotogr\u00e1fico. Me interesa generar im\u00e1genes sobre las posibilidades de representaci\u00f3n para las realidades fuera de los estereotipos, principalmente orientadas a cuestionar, a trav\u00e9s de estrategias que rozan la apropiaci\u00f3n &hellip; <\/p>\n<p class=\"link-more\"><a href=\"https:\/\/ofrendasfotograficas.net\/?page_id=594\" class=\"more-link\">Leer m\u00e1s<span class=\"screen-reader-text\"> \u00abSumiko Muray Prado\u00bb<\/span><\/a><\/p>\n","protected":false},"author":1,"featured_media":0,"parent":0,"menu_order":0,"comment_status":"closed","ping_status":"closed","template":"","meta":[],"featured_media_urls":[],"_links":{"self":[{"href":"https:\/\/ofrendasfotograficas.net\/index.php?rest_route=\/wp\/v2\/pages\/594"}],"collection":[{"href":"https:\/\/ofrendasfotograficas.net\/index.php?rest_route=\/wp\/v2\/pages"}],"about":[{"href":"https:\/\/ofrendasfotograficas.net\/index.php?rest_route=\/wp\/v2\/types\/page"}],"author":[{"embeddable":true,"href":"https:\/\/ofrendasfotograficas.net\/index.php?rest_route=\/wp\/v2\/users\/1"}],"replies":[{"embeddable":true,"href":"https:\/\/ofrendasfotograficas.net\/index.php?rest_route=%2Fwp%2Fv2%2Fcomments&post=594"}],"version-history":[{"count":22,"href":"https:\/\/ofrendasfotograficas.net\/index.php?rest_route=\/wp\/v2\/pages\/594\/revisions"}],"predecessor-version":[{"id":2080,"href":"https:\/\/ofrendasfotograficas.net\/index.php?rest_route=\/wp\/v2\/pages\/594\/revisions\/2080"}],"wp:attachment":[{"href":"https:\/\/ofrendasfotograficas.net\/index.php?rest_route=%2Fwp%2Fv2%2Fmedia&parent=594"}],"curies":[{"name":"wp","href":"https:\/\/api.w.org\/{rel}","templated":true}]}}