{"id":599,"date":"2024-07-02T16:48:13","date_gmt":"2024-07-02T16:48:13","guid":{"rendered":"https:\/\/ofrendasfotograficas.net\/?page_id=599"},"modified":"2024-08-21T16:35:51","modified_gmt":"2024-08-21T16:35:51","slug":"macarena-penalosa-villarroel","status":"publish","type":"page","link":"https:\/\/ofrendasfotograficas.net\/?page_id=599","title":{"rendered":"Macarena Pe\u00f1aloza Villarroel"},"content":{"rendered":"\t\t<div data-elementor-type=\"wp-page\" data-elementor-id=\"599\" class=\"elementor elementor-599\">\n\t\t\t\t\t\t\t\t\t<section class=\"elementor-section elementor-top-section elementor-element elementor-element-6063117 elementor-section-boxed elementor-section-height-default elementor-section-height-default\" data-id=\"6063117\" data-element_type=\"section\">\n\t\t\t\t\t\t<div class=\"elementor-container elementor-column-gap-default\">\n\t\t\t\t\t<div class=\"elementor-column elementor-col-100 elementor-top-column elementor-element elementor-element-7867deb\" data-id=\"7867deb\" data-element_type=\"column\">\n\t\t\t<div class=\"elementor-widget-wrap elementor-element-populated\">\n\t\t\t\t\t\t\t\t<div class=\"elementor-element elementor-element-3912f72 elementor-widget elementor-widget-video\" data-id=\"3912f72\" data-element_type=\"widget\" data-settings=\"{&quot;youtube_url&quot;:&quot;https:\\\/\\\/youtu.be\\\/8hHi3jErLQk&quot;,&quot;video_type&quot;:&quot;youtube&quot;,&quot;controls&quot;:&quot;yes&quot;}\" data-widget_type=\"video.default\">\n\t\t\t\t<div class=\"elementor-widget-container\">\n\t\t\t<style>\/*! elementor - v3.15.0 - 20-08-2023 *\/\n.elementor-widget-video .elementor-widget-container{overflow:hidden;transform:translateZ(0)}.elementor-widget-video .elementor-wrapper{aspect-ratio:var(--video-aspect-ratio)}.elementor-widget-video .elementor-wrapper iframe,.elementor-widget-video .elementor-wrapper video{height:100%;width:100%;display:flex;border:none;background-color:#000}@supports not (aspect-ratio:1\/1){.elementor-widget-video .elementor-wrapper{position:relative;overflow:hidden;height:0;padding-bottom:calc(100% \/ var(--video-aspect-ratio))}.elementor-widget-video .elementor-wrapper iframe,.elementor-widget-video .elementor-wrapper video{position:absolute;top:0;right:0;bottom:0;left:0}}.elementor-widget-video .elementor-open-inline .elementor-custom-embed-image-overlay{position:absolute;top:0;right:0;bottom:0;left:0;background-size:cover;background-position:50%}.elementor-widget-video .elementor-custom-embed-image-overlay{cursor:pointer;text-align:center}.elementor-widget-video .elementor-custom-embed-image-overlay:hover .elementor-custom-embed-play i{opacity:1}.elementor-widget-video .elementor-custom-embed-image-overlay img{display:block;width:100%;aspect-ratio:var(--video-aspect-ratio);-o-object-fit:cover;object-fit:cover;-o-object-position:center center;object-position:center center}@supports not (aspect-ratio:1\/1){.elementor-widget-video .elementor-custom-embed-image-overlay{position:relative;overflow:hidden;height:0;padding-bottom:calc(100% \/ var(--video-aspect-ratio))}.elementor-widget-video .elementor-custom-embed-image-overlay img{position:absolute;top:0;right:0;bottom:0;left:0}}.elementor-widget-video .e-hosted-video .elementor-video{-o-object-fit:cover;object-fit:cover}.e-con-inner>.elementor-widget-video,.e-con>.elementor-widget-video{width:var(--container-widget-width);--flex-grow:var(--container-widget-flex-grow)}<\/style>\t\t<div class=\"elementor-wrapper elementor-open-inline\">\n\t\t\t<div class=\"elementor-video\"><\/div>\t\t<\/div>\n\t\t\t\t<\/div>\n\t\t\t\t<\/div>\n\t\t\t\t\t<\/div>\n\t\t<\/div>\n\t\t\t\t\t\t\t<\/div>\n\t\t<\/section>\n\t\t\t\t<section class=\"elementor-section elementor-top-section elementor-element elementor-element-9fbef48 elementor-section-boxed elementor-section-height-default elementor-section-height-default\" data-id=\"9fbef48\" data-element_type=\"section\">\n\t\t\t\t\t\t<div class=\"elementor-container elementor-column-gap-default\">\n\t\t\t\t\t<div class=\"elementor-column elementor-col-100 elementor-top-column elementor-element elementor-element-228ad73\" data-id=\"228ad73\" data-element_type=\"column\">\n\t\t\t<div class=\"elementor-widget-wrap elementor-element-populated\">\n\t\t\t\t\t\t\t\t<div class=\"elementor-element elementor-element-22b070a elementor-widget elementor-widget-text-editor\" data-id=\"22b070a\" data-element_type=\"widget\" data-widget_type=\"text-editor.default\">\n\t\t\t\t<div class=\"elementor-widget-container\">\n\t\t\t<style>\/*! elementor - v3.15.0 - 20-08-2023 *\/\n.elementor-widget-text-editor.elementor-drop-cap-view-stacked .elementor-drop-cap{background-color:#69727d;color:#fff}.elementor-widget-text-editor.elementor-drop-cap-view-framed .elementor-drop-cap{color:#69727d;border:3px solid;background-color:transparent}.elementor-widget-text-editor:not(.elementor-drop-cap-view-default) .elementor-drop-cap{margin-top:8px}.elementor-widget-text-editor:not(.elementor-drop-cap-view-default) .elementor-drop-cap-letter{width:1em;height:1em}.elementor-widget-text-editor .elementor-drop-cap{float:left;text-align:center;line-height:1;font-size:50px}.elementor-widget-text-editor .elementor-drop-cap-letter{display:inline-block}<\/style>\t\t\t\t<p>\u00a0<\/p><p>Fot\u00f3grafa chilena, con estudios en gesti\u00f3n cultural. El 2001 comenc\u00e9 mis estudios de fotograf\u00eda en el Instituto Alpes, desde entonces, he seguido ampliando mis conocimientos a trav\u00e9s de diversos talleres y cursos centrados en el desarrollo de la imagen. En 2018, particip\u00e9 del curso sobre arte, pol\u00edtica y activismo en nodecenter.es, dirigido por Valentina Montero. Al a\u00f1o siguiente, me matricul\u00e9 en el diplomado en gesti\u00f3n cultural de la Universidad Cat\u00f3lica de Chile. Para profundizar en el aspecto terap\u00e9utico de la creaci\u00f3n fotogr\u00e1fica, particip\u00e9 en el taller SPEX con Cristina Nu\u00f1ez el a\u00f1o 2020.<\/p><p>He trabajado en diferentes \u00e1reas de la fotograf\u00eda, incluyendo publicidad, moda editorial y creaci\u00f3n art\u00edstica. Como docente, enfatizo en la importancia de una perspectiva actualizada y latinoamericana en la fotograf\u00eda editorial de moda. Me gusta compartir mis conocimientos y percepciones con mis estudiantes, fomentando el an\u00e1lisis cr\u00edtico y la reflexi\u00f3n. Soy integrante del colectivo fotogr\u00e1fico \u201cLas Ni\u00f1as\u00bb (2012) con quienes hemos desarrollado diversas metodolog\u00edas de creaci\u00f3n, producci\u00f3n y gesti\u00f3n colectiva. Cabe destacar que organizamos el primer encuentro de mujeres fot\u00f3grafas en Chile: \u201cFOCOM\u201d.<\/p><p>He participado en diversos espacios nacionales e internacionales y mi trabajo ha sido expuesto en la 1era antolog\u00eda fotogr\u00e1fica en MAC Bellas artes, Sala 13 Inst. Alpes, fot\u00f3grafos emergentes de FOTOESPACIO, en el documental \u201cLa Historia de una Foto\u201d, Imaginarios residuales\/visiones territoriales. Fotograf\u00eda autobiogr\u00e1fica en el Centro Cultural Palacio La Moneda y Exposiciones de Ofrendas fotogr\u00e1ficas.<\/p><p>Mi l\u00ednea de trabajo est\u00e1 vinculada en temas relacionados con el g\u00e9nero, la sexualidad y conexiones personales. Tengo un gran inter\u00e9s en el uso de la fotograf\u00eda como un medio de exploraci\u00f3n terap\u00e9utico y antropol\u00f3gico. Actualmente estoy desarrollando mi primer fotolibro, gracias a la adjudicaci\u00f3n en el a\u00f1o 2023 de un Fondo de Creaci\u00f3n del Ministerio de la Cultura, las Artes y el Patrimonio.<\/p><p><a href=\"https:\/\/www.instagram.com\/makapenaloza\/\" target=\"_blank\" rel=\"noopener\">@makapenaloza<\/a><br \/><a href=\"https:\/\/www.instagram.com\/hi_l_d_a\/\" target=\"_blank\" rel=\"noopener\">@hi_l_d_a<\/a><\/p>\t\t\t\t\t\t<\/div>\n\t\t\t\t<\/div>\n\t\t\t\t\t<\/div>\n\t\t<\/div>\n\t\t\t\t\t\t\t<\/div>\n\t\t<\/section>\n\t\t\t\t<section class=\"elementor-section elementor-top-section elementor-element elementor-element-daa511f elementor-section-boxed elementor-section-height-default elementor-section-height-default\" data-id=\"daa511f\" data-element_type=\"section\">\n\t\t\t\t\t\t<div class=\"elementor-container elementor-column-gap-default\">\n\t\t\t\t\t<div class=\"elementor-column elementor-col-100 elementor-top-column elementor-element elementor-element-4389f3c\" data-id=\"4389f3c\" data-element_type=\"column\">\n\t\t\t<div class=\"elementor-widget-wrap elementor-element-populated\">\n\t\t\t\t\t\t\t\t<div class=\"elementor-element elementor-element-04da242 elementor-widget elementor-widget-text-editor\" data-id=\"04da242\" data-element_type=\"widget\" data-widget_type=\"text-editor.default\">\n\t\t\t\t<div class=\"elementor-widget-container\">\n\t\t\t\t\t\t\t<p>\u00a0<\/p><p>\u00a0<\/p>\t\t\t\t\t\t<\/div>\n\t\t\t\t<\/div>\n\t\t\t\t\t<\/div>\n\t\t<\/div>\n\t\t\t\t\t\t\t<\/div>\n\t\t<\/section>\n\t\t\t\t\t\t\t<\/div>\n\t\t","protected":false},"excerpt":{"rendered":"<p>https:\/\/youtu.be\/8hHi3jErLQk \u00a0 Fot\u00f3grafa chilena, con estudios en gesti\u00f3n cultural. El 2001 comenc\u00e9 mis estudios de fotograf\u00eda en el Instituto Alpes, desde entonces, he seguido ampliando mis conocimientos a trav\u00e9s de diversos talleres y cursos centrados en el desarrollo de la imagen. En 2018, particip\u00e9 del curso sobre arte, pol\u00edtica y activismo en nodecenter.es, dirigido por &hellip; <\/p>\n<p class=\"link-more\"><a href=\"https:\/\/ofrendasfotograficas.net\/?page_id=599\" class=\"more-link\">Leer m\u00e1s<span class=\"screen-reader-text\"> \u00abMacarena Pe\u00f1aloza Villarroel\u00bb<\/span><\/a><\/p>\n","protected":false},"author":1,"featured_media":0,"parent":0,"menu_order":0,"comment_status":"closed","ping_status":"closed","template":"","meta":[],"featured_media_urls":[],"_links":{"self":[{"href":"https:\/\/ofrendasfotograficas.net\/index.php?rest_route=\/wp\/v2\/pages\/599"}],"collection":[{"href":"https:\/\/ofrendasfotograficas.net\/index.php?rest_route=\/wp\/v2\/pages"}],"about":[{"href":"https:\/\/ofrendasfotograficas.net\/index.php?rest_route=\/wp\/v2\/types\/page"}],"author":[{"embeddable":true,"href":"https:\/\/ofrendasfotograficas.net\/index.php?rest_route=\/wp\/v2\/users\/1"}],"replies":[{"embeddable":true,"href":"https:\/\/ofrendasfotograficas.net\/index.php?rest_route=%2Fwp%2Fv2%2Fcomments&post=599"}],"version-history":[{"count":26,"href":"https:\/\/ofrendasfotograficas.net\/index.php?rest_route=\/wp\/v2\/pages\/599\/revisions"}],"predecessor-version":[{"id":2061,"href":"https:\/\/ofrendasfotograficas.net\/index.php?rest_route=\/wp\/v2\/pages\/599\/revisions\/2061"}],"wp:attachment":[{"href":"https:\/\/ofrendasfotograficas.net\/index.php?rest_route=%2Fwp%2Fv2%2Fmedia&parent=599"}],"curies":[{"name":"wp","href":"https:\/\/api.w.org\/{rel}","templated":true}]}}