{"id":610,"date":"2024-07-02T16:52:30","date_gmt":"2024-07-02T16:52:30","guid":{"rendered":"https:\/\/ofrendasfotograficas.net\/?page_id=610"},"modified":"2024-08-21T16:36:34","modified_gmt":"2024-08-21T16:36:34","slug":"gabriela-rivera-lucero","status":"publish","type":"page","link":"https:\/\/ofrendasfotograficas.net\/?page_id=610","title":{"rendered":"Gabriela Rivera Lucero"},"content":{"rendered":"\t\t<div data-elementor-type=\"wp-page\" data-elementor-id=\"610\" class=\"elementor elementor-610\">\n\t\t\t\t\t\t\t\t\t<section class=\"elementor-section elementor-top-section elementor-element elementor-element-4b6c6b9 elementor-section-boxed elementor-section-height-default elementor-section-height-default\" data-id=\"4b6c6b9\" data-element_type=\"section\">\n\t\t\t\t\t\t<div class=\"elementor-container elementor-column-gap-default\">\n\t\t\t\t\t<div class=\"elementor-column elementor-col-100 elementor-top-column elementor-element elementor-element-efd5352\" data-id=\"efd5352\" data-element_type=\"column\">\n\t\t\t<div class=\"elementor-widget-wrap elementor-element-populated\">\n\t\t\t\t\t\t\t\t<div class=\"elementor-element elementor-element-861d757 elementor-widget elementor-widget-video\" data-id=\"861d757\" data-element_type=\"widget\" data-settings=\"{&quot;youtube_url&quot;:&quot;https:\\\/\\\/youtu.be\\\/IVe-6sCaj2o&quot;,&quot;video_type&quot;:&quot;youtube&quot;,&quot;controls&quot;:&quot;yes&quot;}\" data-widget_type=\"video.default\">\n\t\t\t\t<div class=\"elementor-widget-container\">\n\t\t\t<style>\/*! elementor - v3.15.0 - 20-08-2023 *\/\n.elementor-widget-video .elementor-widget-container{overflow:hidden;transform:translateZ(0)}.elementor-widget-video .elementor-wrapper{aspect-ratio:var(--video-aspect-ratio)}.elementor-widget-video .elementor-wrapper iframe,.elementor-widget-video .elementor-wrapper video{height:100%;width:100%;display:flex;border:none;background-color:#000}@supports not (aspect-ratio:1\/1){.elementor-widget-video .elementor-wrapper{position:relative;overflow:hidden;height:0;padding-bottom:calc(100% \/ var(--video-aspect-ratio))}.elementor-widget-video .elementor-wrapper iframe,.elementor-widget-video .elementor-wrapper video{position:absolute;top:0;right:0;bottom:0;left:0}}.elementor-widget-video .elementor-open-inline .elementor-custom-embed-image-overlay{position:absolute;top:0;right:0;bottom:0;left:0;background-size:cover;background-position:50%}.elementor-widget-video .elementor-custom-embed-image-overlay{cursor:pointer;text-align:center}.elementor-widget-video .elementor-custom-embed-image-overlay:hover .elementor-custom-embed-play i{opacity:1}.elementor-widget-video .elementor-custom-embed-image-overlay img{display:block;width:100%;aspect-ratio:var(--video-aspect-ratio);-o-object-fit:cover;object-fit:cover;-o-object-position:center center;object-position:center center}@supports not (aspect-ratio:1\/1){.elementor-widget-video .elementor-custom-embed-image-overlay{position:relative;overflow:hidden;height:0;padding-bottom:calc(100% \/ var(--video-aspect-ratio))}.elementor-widget-video .elementor-custom-embed-image-overlay img{position:absolute;top:0;right:0;bottom:0;left:0}}.elementor-widget-video .e-hosted-video .elementor-video{-o-object-fit:cover;object-fit:cover}.e-con-inner>.elementor-widget-video,.e-con>.elementor-widget-video{width:var(--container-widget-width);--flex-grow:var(--container-widget-flex-grow)}<\/style>\t\t<div class=\"elementor-wrapper elementor-open-inline\">\n\t\t\t<div class=\"elementor-video\"><\/div>\t\t<\/div>\n\t\t\t\t<\/div>\n\t\t\t\t<\/div>\n\t\t\t\t\t<\/div>\n\t\t<\/div>\n\t\t\t\t\t\t\t<\/div>\n\t\t<\/section>\n\t\t\t\t<section class=\"elementor-section elementor-top-section elementor-element elementor-element-03f57b9 elementor-section-boxed elementor-section-height-default elementor-section-height-default\" data-id=\"03f57b9\" data-element_type=\"section\">\n\t\t\t\t\t\t<div class=\"elementor-container elementor-column-gap-default\">\n\t\t\t\t\t<div class=\"elementor-column elementor-col-100 elementor-top-column elementor-element elementor-element-4d137ac\" data-id=\"4d137ac\" data-element_type=\"column\">\n\t\t\t<div class=\"elementor-widget-wrap elementor-element-populated\">\n\t\t\t\t\t\t\t\t<div class=\"elementor-element elementor-element-3ace9b2 elementor-widget elementor-widget-text-editor\" data-id=\"3ace9b2\" data-element_type=\"widget\" data-widget_type=\"text-editor.default\">\n\t\t\t\t<div class=\"elementor-widget-container\">\n\t\t\t<style>\/*! elementor - v3.15.0 - 20-08-2023 *\/\n.elementor-widget-text-editor.elementor-drop-cap-view-stacked .elementor-drop-cap{background-color:#69727d;color:#fff}.elementor-widget-text-editor.elementor-drop-cap-view-framed .elementor-drop-cap{color:#69727d;border:3px solid;background-color:transparent}.elementor-widget-text-editor:not(.elementor-drop-cap-view-default) .elementor-drop-cap{margin-top:8px}.elementor-widget-text-editor:not(.elementor-drop-cap-view-default) .elementor-drop-cap-letter{width:1em;height:1em}.elementor-widget-text-editor .elementor-drop-cap{float:left;text-align:center;line-height:1;font-size:50px}.elementor-widget-text-editor .elementor-drop-cap-letter{display:inline-block}<\/style>\t\t\t\t<p>\u00a0<\/p><p>Artista visual y fot\u00f3grafa chilena, activista feminista y madre migrante habitando en la ruralidad del pueblo de Cinctorres, Espa\u00f1a. Actualmente curso el Doctorado en Arte: producci\u00f3n e investigaci\u00f3n en Universitat Polit\u00e8cnica de Val\u00e8ncia, Espa\u00f1a; realic\u00e9 el M\u00e1ster en Producci\u00f3n Art\u00edstica (2022); y el M\u00e1ster en Fotograf\u00eda, Arte y T\u00e9cnica (2021), ambos en la misma universidad, soy Licenciada en Artes Visuales, Universidad de Chile. Participo y soy cofundadora de diversas organizaciones de artes, fotograf\u00eda y activismo como Escuela de Arte Feminista (Chile), Alm\u00e1ciga (Espa\u00f1a) y Mujeres en las Artes Visuales (MAV, Espa\u00f1a).<\/p><p>Desarrollo propuestas desde un enfoque cr\u00edtico, descolonial y autobiogr\u00e1fico, abordando desde la investigaci\u00f3n situada temas como; feminismos, maternidades, cuidados, migraci\u00f3n, violencia, muerte, duelo y lo abyecto. Mi trabajo creativo se lleva a cabo en las intersecciones de la fotograf\u00eda, la performance y el oficio e imaginario de la costura, valorando los procesos de trabajo artesanos, lentos y meditativos con materiales org\u00e1nicos que muchas veces se descomponen y mutan. As\u00ed, exploro y trabajo con mi propio cuerpo y otras corporalidades a trav\u00e9s del retrato desde procesos afectivos y dialogantes.<\/p><p>Mis proyectos art\u00edsticos han sido publicados y exhibidos en galer\u00edas y museos en Chile, Espa\u00f1a, Alemania, Argentina y Brasil. He recibido becas y premios destacando entre ellas a Fondart, otorgada por el Ministerio de Cultura de Chile en 11 oportunidades; Culture Moves Europe (2023); Cultura Resident del Consorci de Museus Comunitat Valenciana (2023 y 2021), Cultura Online del Consorci de Museus Comunitat Valenciana (2023 y 2020), Primer Lugar Portafolio Festival Internacional Photoalicante (2019), entre otras. He realizado residencias en Karnekunst, Coswig, Alemania (2023); Espacio de Encuentros Rurales La Surera, Almedijar, Espa\u00f1a (2023), Konvent Zero, Cal Rosal, Espa\u00f1a (2020), y Centro de la Imagen, Lima, Per\u00fa (2016).<\/p><p><a href=\"https:\/\/www.instagram.com\/gabrielariveralucero\/\" target=\"_blank\" rel=\"noopener\">@gabrielariveralucero<\/a><\/p><p><a href=\"https:\/\/www.maternajestransfronterizos.net\" target=\"_blank\" rel=\"noopener\">www.maternajestransfronterizos.net<\/a><\/p>\t\t\t\t\t\t<\/div>\n\t\t\t\t<\/div>\n\t\t\t\t\t<\/div>\n\t\t<\/div>\n\t\t\t\t\t\t\t<\/div>\n\t\t<\/section>\n\t\t\t\t<section class=\"elementor-section elementor-top-section elementor-element elementor-element-c4dc001 elementor-section-boxed elementor-section-height-default elementor-section-height-default\" data-id=\"c4dc001\" data-element_type=\"section\">\n\t\t\t\t\t\t<div class=\"elementor-container elementor-column-gap-default\">\n\t\t\t\t\t<div class=\"elementor-column elementor-col-100 elementor-top-column elementor-element elementor-element-09aee43\" data-id=\"09aee43\" data-element_type=\"column\">\n\t\t\t<div class=\"elementor-widget-wrap elementor-element-populated\">\n\t\t\t\t\t\t\t\t<div class=\"elementor-element elementor-element-69b1485 elementor-widget elementor-widget-text-editor\" data-id=\"69b1485\" data-element_type=\"widget\" data-widget_type=\"text-editor.default\">\n\t\t\t\t<div class=\"elementor-widget-container\">\n\t\t\t\t\t\t\t<p>\u00a0<\/p><p>\u00a0<\/p>\t\t\t\t\t\t<\/div>\n\t\t\t\t<\/div>\n\t\t\t\t\t<\/div>\n\t\t<\/div>\n\t\t\t\t\t\t\t<\/div>\n\t\t<\/section>\n\t\t\t\t\t\t\t<\/div>\n\t\t","protected":false},"excerpt":{"rendered":"<p>https:\/\/youtu.be\/IVe-6sCaj2o \u00a0 Artista visual y fot\u00f3grafa chilena, activista feminista y madre migrante habitando en la ruralidad del pueblo de Cinctorres, Espa\u00f1a. Actualmente curso el Doctorado en Arte: producci\u00f3n e investigaci\u00f3n en Universitat Polit\u00e8cnica de Val\u00e8ncia, Espa\u00f1a; realic\u00e9 el M\u00e1ster en Producci\u00f3n Art\u00edstica (2022); y el M\u00e1ster en Fotograf\u00eda, Arte y T\u00e9cnica (2021), ambos en la &hellip; <\/p>\n<p class=\"link-more\"><a href=\"https:\/\/ofrendasfotograficas.net\/?page_id=610\" class=\"more-link\">Leer m\u00e1s<span class=\"screen-reader-text\"> \u00abGabriela Rivera Lucero\u00bb<\/span><\/a><\/p>\n","protected":false},"author":1,"featured_media":0,"parent":0,"menu_order":0,"comment_status":"closed","ping_status":"closed","template":"","meta":[],"featured_media_urls":[],"_links":{"self":[{"href":"https:\/\/ofrendasfotograficas.net\/index.php?rest_route=\/wp\/v2\/pages\/610"}],"collection":[{"href":"https:\/\/ofrendasfotograficas.net\/index.php?rest_route=\/wp\/v2\/pages"}],"about":[{"href":"https:\/\/ofrendasfotograficas.net\/index.php?rest_route=\/wp\/v2\/types\/page"}],"author":[{"embeddable":true,"href":"https:\/\/ofrendasfotograficas.net\/index.php?rest_route=\/wp\/v2\/users\/1"}],"replies":[{"embeddable":true,"href":"https:\/\/ofrendasfotograficas.net\/index.php?rest_route=%2Fwp%2Fv2%2Fcomments&post=610"}],"version-history":[{"count":22,"href":"https:\/\/ofrendasfotograficas.net\/index.php?rest_route=\/wp\/v2\/pages\/610\/revisions"}],"predecessor-version":[{"id":2064,"href":"https:\/\/ofrendasfotograficas.net\/index.php?rest_route=\/wp\/v2\/pages\/610\/revisions\/2064"}],"wp:attachment":[{"href":"https:\/\/ofrendasfotograficas.net\/index.php?rest_route=%2Fwp%2Fv2%2Fmedia&parent=610"}],"curies":[{"name":"wp","href":"https:\/\/api.w.org\/{rel}","templated":true}]}}