{"id":630,"date":"2024-07-02T17:42:51","date_gmt":"2024-07-02T17:42:51","guid":{"rendered":"https:\/\/ofrendasfotograficas.net\/?page_id=630"},"modified":"2024-07-31T11:27:41","modified_gmt":"2024-07-31T11:27:41","slug":"tres-veces-stephania","status":"publish","type":"page","link":"https:\/\/ofrendasfotograficas.net\/?page_id=630","title":{"rendered":"Tres veces Stephan\u00eda"},"content":{"rendered":"\t\t<div data-elementor-type=\"wp-page\" data-elementor-id=\"630\" class=\"elementor elementor-630\">\n\t\t\t\t\t\t\t\t\t<section class=\"elementor-section elementor-top-section elementor-element elementor-element-8eb2584 elementor-section-boxed elementor-section-height-default elementor-section-height-default\" data-id=\"8eb2584\" data-element_type=\"section\">\n\t\t\t\t\t\t<div class=\"elementor-container elementor-column-gap-default\">\n\t\t\t\t\t<div class=\"elementor-column elementor-col-100 elementor-top-column elementor-element elementor-element-8bbf29a\" data-id=\"8bbf29a\" data-element_type=\"column\">\n\t\t\t<div class=\"elementor-widget-wrap elementor-element-populated\">\n\t\t\t\t\t\t\t\t<div class=\"elementor-element elementor-element-920ab2c elementor-widget elementor-widget-text-editor\" data-id=\"920ab2c\" data-element_type=\"widget\" data-widget_type=\"text-editor.default\">\n\t\t\t\t<div class=\"elementor-widget-container\">\n\t\t\t<style>\/*! elementor - v3.15.0 - 20-08-2023 *\/\n.elementor-widget-text-editor.elementor-drop-cap-view-stacked .elementor-drop-cap{background-color:#69727d;color:#fff}.elementor-widget-text-editor.elementor-drop-cap-view-framed .elementor-drop-cap{color:#69727d;border:3px solid;background-color:transparent}.elementor-widget-text-editor:not(.elementor-drop-cap-view-default) .elementor-drop-cap{margin-top:8px}.elementor-widget-text-editor:not(.elementor-drop-cap-view-default) .elementor-drop-cap-letter{width:1em;height:1em}.elementor-widget-text-editor .elementor-drop-cap{float:left;text-align:center;line-height:1;font-size:50px}.elementor-widget-text-editor .elementor-drop-cap-letter{display:inline-block}<\/style>\t\t\t\t<p>P\u00eda Acu\u00f1a Molina<\/p>\t\t\t\t\t\t<\/div>\n\t\t\t\t<\/div>\n\t\t\t\t\t<\/div>\n\t\t<\/div>\n\t\t\t\t\t\t\t<\/div>\n\t\t<\/section>\n\t\t\t\t<section class=\"elementor-section elementor-top-section elementor-element elementor-element-197e2ae elementor-section-boxed elementor-section-height-default elementor-section-height-default\" data-id=\"197e2ae\" data-element_type=\"section\">\n\t\t\t\t\t\t<div class=\"elementor-container elementor-column-gap-default\">\n\t\t\t\t\t<div class=\"elementor-column elementor-col-100 elementor-top-column elementor-element elementor-element-345fcb4\" data-id=\"345fcb4\" data-element_type=\"column\">\n\t\t\t<div class=\"elementor-widget-wrap elementor-element-populated\">\n\t\t\t\t\t\t\t\t<div class=\"elementor-element elementor-element-44485bb elementor-widget elementor-widget-image-gallery\" data-id=\"44485bb\" data-element_type=\"widget\" data-widget_type=\"image-gallery.default\">\n\t\t\t\t<div class=\"elementor-widget-container\">\n\t\t\t<style>\/*! elementor - v3.15.0 - 20-08-2023 *\/\n.elementor-image-gallery .gallery-item{display:inline-block;text-align:center;vertical-align:top;width:100%;max-width:100%;margin:0 auto}.elementor-image-gallery .gallery-item img{margin:0 auto}.elementor-image-gallery .gallery-item .gallery-caption{margin:0}.elementor-image-gallery figure img{display:block}.elementor-image-gallery figure figcaption{width:100%}.gallery-spacing-custom .elementor-image-gallery .gallery-icon{padding:0}@media (min-width:768px){.elementor-image-gallery .gallery-columns-2 .gallery-item{max-width:50%}.elementor-image-gallery .gallery-columns-3 .gallery-item{max-width:33.33%}.elementor-image-gallery .gallery-columns-4 .gallery-item{max-width:25%}.elementor-image-gallery .gallery-columns-5 .gallery-item{max-width:20%}.elementor-image-gallery .gallery-columns-6 .gallery-item{max-width:16.666%}.elementor-image-gallery .gallery-columns-7 .gallery-item{max-width:14.28%}.elementor-image-gallery .gallery-columns-8 .gallery-item{max-width:12.5%}.elementor-image-gallery .gallery-columns-9 .gallery-item{max-width:11.11%}.elementor-image-gallery .gallery-columns-10 .gallery-item{max-width:10%}}@media (min-width:480px) and (max-width:767px){.elementor-image-gallery .gallery.gallery-columns-2 .gallery-item,.elementor-image-gallery .gallery.gallery-columns-3 .gallery-item,.elementor-image-gallery .gallery.gallery-columns-4 .gallery-item,.elementor-image-gallery .gallery.gallery-columns-5 .gallery-item,.elementor-image-gallery .gallery.gallery-columns-6 .gallery-item,.elementor-image-gallery .gallery.gallery-columns-7 .gallery-item,.elementor-image-gallery .gallery.gallery-columns-8 .gallery-item,.elementor-image-gallery .gallery.gallery-columns-9 .gallery-item,.elementor-image-gallery .gallery.gallery-columns-10 .gallery-item{max-width:50%}}@media (max-width:479px){.elementor-image-gallery .gallery.gallery-columns-2 .gallery-item,.elementor-image-gallery .gallery.gallery-columns-3 .gallery-item,.elementor-image-gallery .gallery.gallery-columns-4 .gallery-item,.elementor-image-gallery .gallery.gallery-columns-5 .gallery-item,.elementor-image-gallery .gallery.gallery-columns-6 .gallery-item,.elementor-image-gallery .gallery.gallery-columns-7 .gallery-item,.elementor-image-gallery .gallery.gallery-columns-8 .gallery-item,.elementor-image-gallery .gallery.gallery-columns-9 .gallery-item,.elementor-image-gallery .gallery.gallery-columns-10 .gallery-item{max-width:100%}}<\/style>\t\t<div class=\"elementor-image-gallery\">\n\t\t\t<div id='gallery-1' class='gallery galleryid-630 gallery-columns-1 gallery-size-large'><figure class='gallery-item'>\n\t\t\t<div class='gallery-icon landscape'>\n\t\t\t\t<a data-elementor-open-lightbox=\"yes\" data-elementor-lightbox-slideshow=\"44485bb\" data-elementor-lightbox-title=\"Pi\u0301a Acun\u0303a 01\" data-e-action-hash=\"#elementor-action%3Aaction%3Dlightbox%26settings%3DeyJpZCI6Mjc1LCJ1cmwiOiJodHRwczpcL1wvb2ZyZW5kYXNmb3RvZ3JhZmljYXMubmV0XC93cC1jb250ZW50XC91cGxvYWRzXC8yMDIzXC8wOVwvUGlhLUFjdW5hLTAxLmpwZyIsInNsaWRlc2hvdyI6IjQ0NDg1YmIifQ%3D%3D\" href='https:\/\/ofrendasfotograficas.net\/wp-content\/uploads\/2023\/09\/Pia-Acuna-01.jpg'><img width=\"950\" height=\"534\" src=\"https:\/\/ofrendasfotograficas.net\/wp-content\/uploads\/2023\/09\/Pia-Acuna-01-1024x576.jpg\" class=\"attachment-large size-large\" alt=\"Fotograf\u00eda a color, horizontal. Paisaje del desierto florido en sector costero de Atacama con cielo nublado. Casi al centro flota una cinta morada sobre la l\u00ednea de horizonte. El suelo est\u00e1 cubierto con flores fucsias y blancas que han sido aplastadas por ruedas de veh\u00edculos, cuyas huellas se pierden en direcci\u00f3n al horizonte.\" decoding=\"async\" loading=\"lazy\" srcset=\"https:\/\/ofrendasfotograficas.net\/wp-content\/uploads\/2023\/09\/Pia-Acuna-01-1024x576.jpg 1024w, https:\/\/ofrendasfotograficas.net\/wp-content\/uploads\/2023\/09\/Pia-Acuna-01-300x169.jpg 300w, https:\/\/ofrendasfotograficas.net\/wp-content\/uploads\/2023\/09\/Pia-Acuna-01-768x432.jpg 768w, https:\/\/ofrendasfotograficas.net\/wp-content\/uploads\/2023\/09\/Pia-Acuna-01-1536x864.jpg 1536w, https:\/\/ofrendasfotograficas.net\/wp-content\/uploads\/2023\/09\/Pia-Acuna-01-600x338.jpg 600w, https:\/\/ofrendasfotograficas.net\/wp-content\/uploads\/2023\/09\/Pia-Acuna-01-1200x675.jpg 1200w, https:\/\/ofrendasfotograficas.net\/wp-content\/uploads\/2023\/09\/Pia-Acuna-01.jpg 1920w\" sizes=\"100vw\" \/><\/a>\n\t\t\t<\/div><\/figure><figure class='gallery-item'>\n\t\t\t<div class='gallery-icon landscape'>\n\t\t\t\t<a data-elementor-open-lightbox=\"yes\" data-elementor-lightbox-slideshow=\"44485bb\" data-elementor-lightbox-title=\"Pi\u0301a Acun\u0303a 02\" data-e-action-hash=\"#elementor-action%3Aaction%3Dlightbox%26settings%3DeyJpZCI6Mjc2LCJ1cmwiOiJodHRwczpcL1wvb2ZyZW5kYXNmb3RvZ3JhZmljYXMubmV0XC93cC1jb250ZW50XC91cGxvYWRzXC8yMDIzXC8wOVwvUGlhLUFjdW5hLTAyLmpwZyIsInNsaWRlc2hvdyI6IjQ0NDg1YmIifQ%3D%3D\" href='https:\/\/ofrendasfotograficas.net\/wp-content\/uploads\/2023\/09\/Pia-Acuna-02.jpg'><img width=\"950\" height=\"534\" src=\"https:\/\/ofrendasfotograficas.net\/wp-content\/uploads\/2023\/09\/Pia-Acuna-02-1024x576.jpg\" class=\"attachment-large size-large\" alt=\"Fotograf\u00eda a color, horizontal. Paisaje del desierto florido en sector costero de Atacama con cielo nublado. Al centro y en primer plano, flota una cinta morada sobre la l\u00ednea de horizonte, que alcanza a posarse sobre las huellas de veh\u00edculo sobre el suelo cubierto de flores fucsias y blancas.\" decoding=\"async\" loading=\"lazy\" srcset=\"https:\/\/ofrendasfotograficas.net\/wp-content\/uploads\/2023\/09\/Pia-Acuna-02-1024x576.jpg 1024w, https:\/\/ofrendasfotograficas.net\/wp-content\/uploads\/2023\/09\/Pia-Acuna-02-300x169.jpg 300w, https:\/\/ofrendasfotograficas.net\/wp-content\/uploads\/2023\/09\/Pia-Acuna-02-768x432.jpg 768w, https:\/\/ofrendasfotograficas.net\/wp-content\/uploads\/2023\/09\/Pia-Acuna-02-1536x864.jpg 1536w, https:\/\/ofrendasfotograficas.net\/wp-content\/uploads\/2023\/09\/Pia-Acuna-02-600x338.jpg 600w, https:\/\/ofrendasfotograficas.net\/wp-content\/uploads\/2023\/09\/Pia-Acuna-02-1200x675.jpg 1200w, https:\/\/ofrendasfotograficas.net\/wp-content\/uploads\/2023\/09\/Pia-Acuna-02.jpg 1920w\" sizes=\"100vw\" \/><\/a>\n\t\t\t<\/div><\/figure><figure class='gallery-item'>\n\t\t\t<div class='gallery-icon landscape'>\n\t\t\t\t<a data-elementor-open-lightbox=\"yes\" data-elementor-lightbox-slideshow=\"44485bb\" data-elementor-lightbox-title=\"Pi\u0301a Acun\u0303a 03\" data-e-action-hash=\"#elementor-action%3Aaction%3Dlightbox%26settings%3DeyJpZCI6Mjc3LCJ1cmwiOiJodHRwczpcL1wvb2ZyZW5kYXNmb3RvZ3JhZmljYXMubmV0XC93cC1jb250ZW50XC91cGxvYWRzXC8yMDIzXC8wOVwvUGlhLUFjdW5hLTAzLmpwZyIsInNsaWRlc2hvdyI6IjQ0NDg1YmIifQ%3D%3D\" href='https:\/\/ofrendasfotograficas.net\/wp-content\/uploads\/2023\/09\/Pia-Acuna-03.jpg'><img width=\"950\" height=\"534\" src=\"https:\/\/ofrendasfotograficas.net\/wp-content\/uploads\/2023\/09\/Pia-Acuna-03-1024x576.jpg\" class=\"attachment-large size-large\" alt=\"Fotograf\u00eda a color, horizontal. Paisaje del desierto florido en sector costero de Atacama con cielo nublado. Al lado derecho flota una cinta morada sobre la l\u00ednea de horizonte. El suelo est\u00e1 cubierto con flores fucsias y blancas que han sido aplastadas por ruedas de veh\u00edculos, cuyas huellas se pierden en direcci\u00f3n al horizonte.\" decoding=\"async\" loading=\"lazy\" srcset=\"https:\/\/ofrendasfotograficas.net\/wp-content\/uploads\/2023\/09\/Pia-Acuna-03-1024x576.jpg 1024w, https:\/\/ofrendasfotograficas.net\/wp-content\/uploads\/2023\/09\/Pia-Acuna-03-300x169.jpg 300w, https:\/\/ofrendasfotograficas.net\/wp-content\/uploads\/2023\/09\/Pia-Acuna-03-768x432.jpg 768w, https:\/\/ofrendasfotograficas.net\/wp-content\/uploads\/2023\/09\/Pia-Acuna-03-1536x864.jpg 1536w, https:\/\/ofrendasfotograficas.net\/wp-content\/uploads\/2023\/09\/Pia-Acuna-03-600x338.jpg 600w, https:\/\/ofrendasfotograficas.net\/wp-content\/uploads\/2023\/09\/Pia-Acuna-03-1200x675.jpg 1200w, https:\/\/ofrendasfotograficas.net\/wp-content\/uploads\/2023\/09\/Pia-Acuna-03.jpg 1920w\" sizes=\"100vw\" \/><\/a>\n\t\t\t<\/div><\/figure>\n\t\t<\/div>\n\t\t<\/div>\n\t\t\t\t<\/div>\n\t\t\t\t<\/div>\n\t\t\t\t\t<\/div>\n\t\t<\/div>\n\t\t\t\t\t\t\t<\/div>\n\t\t<\/section>\n\t\t\t\t<section class=\"elementor-section elementor-top-section elementor-element elementor-element-19681c5 elementor-section-boxed elementor-section-height-default elementor-section-height-default\" data-id=\"19681c5\" data-element_type=\"section\">\n\t\t\t\t\t\t<div class=\"elementor-container elementor-column-gap-default\">\n\t\t\t\t\t<div class=\"elementor-column elementor-col-100 elementor-top-column elementor-element elementor-element-d46659d\" data-id=\"d46659d\" data-element_type=\"column\">\n\t\t\t<div class=\"elementor-widget-wrap elementor-element-populated\">\n\t\t\t\t\t\t\t\t<div class=\"elementor-element elementor-element-9487875 elementor-widget elementor-widget-image\" data-id=\"9487875\" data-element_type=\"widget\" data-widget_type=\"image.default\">\n\t\t\t\t<div class=\"elementor-widget-container\">\n\t\t\t<style>\/*! elementor - v3.15.0 - 20-08-2023 *\/\n.elementor-widget-image{text-align:center}.elementor-widget-image a{display:inline-block}.elementor-widget-image a img[src$=\".svg\"]{width:48px}.elementor-widget-image img{vertical-align:middle;display:inline-block}<\/style>\t\t\t\t\t\t\t\t\t\t\t\t<img decoding=\"async\" width=\"689\" height=\"1024\" src=\"https:\/\/ofrendasfotograficas.net\/wp-content\/uploads\/2024\/07\/Pia-Acuna-04-689x1024.jpg\" class=\"attachment-large size-large wp-image-770\" alt=\"Paisaje fotogr\u00e1fico a color con encuadre vertical. Al fondo de la imagen el cielo azul con nubes blancas. En la esquina superior izquierda hay una roca caf\u00e9 que se extiende hacia abajo ocupando m\u00e1s de la mitad inferior de la foto. En el medio de las rocas desde abajo nace un cactus grueso de color gris con algunos manchones verdes. Este cactus avanza hacia arriba con sus brazos espinosos. Entre las espinas y brazos del cactus hay flores de color blanca y rosado palido y una cinta morada que recorre el cactus, la cinta lleva escrito con tinta azul algunas cosas como: mereces..y que no se aburra de leer tus..te quiera despeinada. El recorrido de la cinta llega hasta la \u00faltima corona del cactus.\" loading=\"lazy\" srcset=\"https:\/\/ofrendasfotograficas.net\/wp-content\/uploads\/2024\/07\/Pia-Acuna-04-689x1024.jpg 689w, https:\/\/ofrendasfotograficas.net\/wp-content\/uploads\/2024\/07\/Pia-Acuna-04-202x300.jpg 202w, https:\/\/ofrendasfotograficas.net\/wp-content\/uploads\/2024\/07\/Pia-Acuna-04-600x891.jpg 600w, https:\/\/ofrendasfotograficas.net\/wp-content\/uploads\/2024\/07\/Pia-Acuna-04.jpg 727w\" sizes=\"100vw\" \/>\t\t\t\t\t\t\t\t\t\t\t\t\t\t\t<\/div>\n\t\t\t\t<\/div>\n\t\t\t\t\t<\/div>\n\t\t<\/div>\n\t\t\t\t\t\t\t<\/div>\n\t\t<\/section>\n\t\t\t\t<section class=\"elementor-section elementor-top-section elementor-element elementor-element-b0d7843 elementor-section-boxed elementor-section-height-default elementor-section-height-default\" data-id=\"b0d7843\" data-element_type=\"section\">\n\t\t\t\t\t\t<div class=\"elementor-container elementor-column-gap-default\">\n\t\t\t\t\t<div class=\"elementor-column elementor-col-100 elementor-top-column elementor-element elementor-element-588c12c\" data-id=\"588c12c\" data-element_type=\"column\">\n\t\t\t<div class=\"elementor-widget-wrap elementor-element-populated\">\n\t\t\t\t\t\t\t\t<div class=\"elementor-element elementor-element-6055d51 elementor-widget elementor-widget-text-editor\" data-id=\"6055d51\" data-element_type=\"widget\" data-widget_type=\"text-editor.default\">\n\t\t\t\t<div class=\"elementor-widget-container\">\n\t\t\t\t\t\t\t<p>\u00a0<\/p><p>Fotograf\u00eda Digital.<\/p><p>Este trabajo fue desarrollado en el marco de la invitaci\u00f3n al proyecto Ofrendas Fotogr\u00e1ficas contra el Femicidio desarrollado en el a\u00f1o 2015. Se revisaron los casos de femicidio ocurridos por esos a\u00f1os en la regi\u00f3n de Atacama. Explosi\u00f3n con dinamita, atropellos, acuchillamiento eran algunas de las formas de asesinato que recibieron, de parte de sus parejas, mujeres que habitaban este territorio.<\/p><p>De estos femicidios, se trabaj\u00f3 en torno al caso de Stephan\u00eda Morales Rivera de 21 a\u00f1os. En enero del 2015 se encontraba en playa Las Machas y tras una discusi\u00f3n su pareja Francisco Marre, este la golpe\u00f3 para posteriormente subir a su autom\u00f3vil y atropellar su cuerpo en tres ocasiones. Stephania, o la Beba, como la llamaban sus familiares y amigxs, agoniz\u00f3 5 d\u00edas en el hospital de Copiap\u00f3 hasta que muri\u00f3.<\/p><p>Ese mismo a\u00f1o, en el mes de marzo ocurri\u00f3 un inusual y catastr\u00f3fico aluvi\u00f3n en Atacama, que adem\u00e1s de destruir ciudades y poblados, permiti\u00f3 una gran floraci\u00f3n en el extremo sur del desierto m\u00e1s \u00e1rido del mundo.<\/p><p>Esta serie de fotograf\u00edas representan un homenaje a la memoria de Stephan\u00eda. Su asesinato contiene simbolicamente dinamicas patriarcales presentes en una cultura ampliamente extractivista que ha hecho de este lugar una zona de sacrificio. El desierto tiene grabada la huella de la violencia, la misma que arremeti\u00f3 contra el cuerpo. Pese a ello, inusual florece para guardar la memoria de Stephan\u00eda Morales Rivera.<\/p><p>\u00a0<\/p><p>\u00a0<\/p>\t\t\t\t\t\t<\/div>\n\t\t\t\t<\/div>\n\t\t\t\t\t<\/div>\n\t\t<\/div>\n\t\t\t\t\t\t\t<\/div>\n\t\t<\/section>\n\t\t\t\t\t\t\t<\/div>\n\t\t","protected":false},"excerpt":{"rendered":"<p>P\u00eda Acu\u00f1a Molina \u00a0 Fotograf\u00eda Digital. Este trabajo fue desarrollado en el marco de la invitaci\u00f3n al proyecto Ofrendas Fotogr\u00e1ficas contra el Femicidio desarrollado en el a\u00f1o 2015. Se revisaron los casos de femicidio ocurridos por esos a\u00f1os en la regi\u00f3n de Atacama. Explosi\u00f3n con dinamita, atropellos, acuchillamiento eran algunas de las formas de asesinato &hellip; <\/p>\n<p class=\"link-more\"><a href=\"https:\/\/ofrendasfotograficas.net\/?page_id=630\" class=\"more-link\">Leer m\u00e1s<span class=\"screen-reader-text\"> \u00abTres veces Stephan\u00eda\u00bb<\/span><\/a><\/p>\n","protected":false},"author":1,"featured_media":0,"parent":0,"menu_order":0,"comment_status":"closed","ping_status":"closed","template":"","meta":[],"featured_media_urls":[],"_links":{"self":[{"href":"https:\/\/ofrendasfotograficas.net\/index.php?rest_route=\/wp\/v2\/pages\/630"}],"collection":[{"href":"https:\/\/ofrendasfotograficas.net\/index.php?rest_route=\/wp\/v2\/pages"}],"about":[{"href":"https:\/\/ofrendasfotograficas.net\/index.php?rest_route=\/wp\/v2\/types\/page"}],"author":[{"embeddable":true,"href":"https:\/\/ofrendasfotograficas.net\/index.php?rest_route=\/wp\/v2\/users\/1"}],"replies":[{"embeddable":true,"href":"https:\/\/ofrendasfotograficas.net\/index.php?rest_route=%2Fwp%2Fv2%2Fcomments&post=630"}],"version-history":[{"count":46,"href":"https:\/\/ofrendasfotograficas.net\/index.php?rest_route=\/wp\/v2\/pages\/630\/revisions"}],"predecessor-version":[{"id":1814,"href":"https:\/\/ofrendasfotograficas.net\/index.php?rest_route=\/wp\/v2\/pages\/630\/revisions\/1814"}],"wp:attachment":[{"href":"https:\/\/ofrendasfotograficas.net\/index.php?rest_route=%2Fwp%2Fv2%2Fmedia&parent=630"}],"curies":[{"name":"wp","href":"https:\/\/api.w.org\/{rel}","templated":true}]}}