{"id":659,"date":"2024-07-02T18:06:00","date_gmt":"2024-07-02T18:06:00","guid":{"rendered":"https:\/\/ofrendasfotograficas.net\/?page_id=659"},"modified":"2024-07-31T14:06:37","modified_gmt":"2024-07-31T14:06:37","slug":"memorial-instalacion-femicidio","status":"publish","type":"page","link":"https:\/\/ofrendasfotograficas.net\/?page_id=659","title":{"rendered":"Memorial instalaci\u00f3n femicidio"},"content":{"rendered":"\t\t<div data-elementor-type=\"wp-page\" data-elementor-id=\"659\" class=\"elementor elementor-659\">\n\t\t\t\t\t\t\t\t\t<section class=\"elementor-section elementor-top-section elementor-element elementor-element-aa8611f elementor-section-boxed elementor-section-height-default elementor-section-height-default\" data-id=\"aa8611f\" data-element_type=\"section\">\n\t\t\t\t\t\t<div class=\"elementor-container elementor-column-gap-default\">\n\t\t\t\t\t<div class=\"elementor-column elementor-col-100 elementor-top-column elementor-element elementor-element-4f1ed0f\" data-id=\"4f1ed0f\" data-element_type=\"column\">\n\t\t\t<div class=\"elementor-widget-wrap elementor-element-populated\">\n\t\t\t\t\t\t\t\t<div class=\"elementor-element elementor-element-1117eab elementor-widget elementor-widget-text-editor\" data-id=\"1117eab\" data-element_type=\"widget\" data-widget_type=\"text-editor.default\">\n\t\t\t\t<div class=\"elementor-widget-container\">\n\t\t\t<style>\/*! elementor - v3.15.0 - 20-08-2023 *\/\n.elementor-widget-text-editor.elementor-drop-cap-view-stacked .elementor-drop-cap{background-color:#69727d;color:#fff}.elementor-widget-text-editor.elementor-drop-cap-view-framed .elementor-drop-cap{color:#69727d;border:3px solid;background-color:transparent}.elementor-widget-text-editor:not(.elementor-drop-cap-view-default) .elementor-drop-cap{margin-top:8px}.elementor-widget-text-editor:not(.elementor-drop-cap-view-default) .elementor-drop-cap-letter{width:1em;height:1em}.elementor-widget-text-editor .elementor-drop-cap{float:left;text-align:center;line-height:1;font-size:50px}.elementor-widget-text-editor .elementor-drop-cap-letter{display:inline-block}<\/style>\t\t\t\t<p>Kena Lorenzini Lorenzini<\/p>\t\t\t\t\t\t<\/div>\n\t\t\t\t<\/div>\n\t\t\t\t\t<\/div>\n\t\t<\/div>\n\t\t\t\t\t\t\t<\/div>\n\t\t<\/section>\n\t\t\t\t<section class=\"elementor-section elementor-top-section elementor-element elementor-element-55de82a elementor-section-boxed elementor-section-height-default elementor-section-height-default\" data-id=\"55de82a\" data-element_type=\"section\">\n\t\t\t\t\t\t<div class=\"elementor-container elementor-column-gap-default\">\n\t\t\t\t\t<div class=\"elementor-column elementor-col-100 elementor-top-column elementor-element elementor-element-c8002b8\" data-id=\"c8002b8\" data-element_type=\"column\">\n\t\t\t<div class=\"elementor-widget-wrap elementor-element-populated\">\n\t\t\t\t\t\t\t\t<div class=\"elementor-element elementor-element-ae28727 elementor-widget elementor-widget-image\" data-id=\"ae28727\" data-element_type=\"widget\" data-widget_type=\"image.default\">\n\t\t\t\t<div class=\"elementor-widget-container\">\n\t\t\t<style>\/*! elementor - v3.15.0 - 20-08-2023 *\/\n.elementor-widget-image{text-align:center}.elementor-widget-image a{display:inline-block}.elementor-widget-image a img[src$=\".svg\"]{width:48px}.elementor-widget-image img{vertical-align:middle;display:inline-block}<\/style>\t\t\t\t\t\t\t\t\t\t\t\t<img decoding=\"async\" width=\"768\" height=\"1024\" src=\"https:\/\/ofrendasfotograficas.net\/wp-content\/uploads\/2023\/09\/Kena-Lorenzini-768x1024.jpg\" class=\"attachment-large size-large wp-image-394\" alt=\"Imagen fotogr\u00e1fica a color en formato vertical. Plano cerrado de un piso de cemento gris en la v\u00eda p\u00fablica donde est\u00e1n instalados muchos pares de zapatos de diferentes formas, tama\u00f1os y colores. Cada par lleva escrito en una hoja blanca los nombres de mujeres asesinadas y la fecha de su femicidio.\" loading=\"lazy\" srcset=\"https:\/\/ofrendasfotograficas.net\/wp-content\/uploads\/2023\/09\/Kena-Lorenzini-768x1024.jpg 768w, https:\/\/ofrendasfotograficas.net\/wp-content\/uploads\/2023\/09\/Kena-Lorenzini-225x300.jpg 225w, https:\/\/ofrendasfotograficas.net\/wp-content\/uploads\/2023\/09\/Kena-Lorenzini-600x800.jpg 600w, https:\/\/ofrendasfotograficas.net\/wp-content\/uploads\/2023\/09\/Kena-Lorenzini.jpg 810w\" sizes=\"100vw\" \/>\t\t\t\t\t\t\t\t\t\t\t\t\t\t\t<\/div>\n\t\t\t\t<\/div>\n\t\t\t\t\t<\/div>\n\t\t<\/div>\n\t\t\t\t\t\t\t<\/div>\n\t\t<\/section>\n\t\t\t\t<section class=\"elementor-section elementor-top-section elementor-element elementor-element-3b14eb6 elementor-section-boxed elementor-section-height-default elementor-section-height-default\" data-id=\"3b14eb6\" data-element_type=\"section\">\n\t\t\t\t\t\t<div class=\"elementor-container elementor-column-gap-default\">\n\t\t\t\t\t<div class=\"elementor-column elementor-col-100 elementor-top-column elementor-element elementor-element-9c10597\" data-id=\"9c10597\" data-element_type=\"column\">\n\t\t\t<div class=\"elementor-widget-wrap elementor-element-populated\">\n\t\t\t\t\t\t\t\t<div class=\"elementor-element elementor-element-378ff8d elementor-widget elementor-widget-text-editor\" data-id=\"378ff8d\" data-element_type=\"widget\" data-widget_type=\"text-editor.default\">\n\t\t\t\t<div class=\"elementor-widget-container\">\n\t\t\t\t\t\t\t<p>\u00a0<\/p><p>En su conjunto la obra \u201cMemorial Instalacio\u0301n Femicidio\u201d, es un homenaje a la escritora y acade\u0301mica feminista, Guadalupe Santa Cruz, a quien se le dedica la fotografi\u0301a de la primera intervencio\u0301n callejera en Chile para visualizar el femicidio, organizado por la Red Chilena contra la violencia hacia las Mujeres (17-1-2004). La fotografi\u0301a en forma de cubo simboliza el entendimiento que asi\u0301 como el cubo de medidas exactas no permite relatividad, lo mismo sucede con el femicidio que no puede ser relativizado a problemas de alcohol, rabia, celos, etc.<\/p><p>\u00a0<\/p>\t\t\t\t\t\t<\/div>\n\t\t\t\t<\/div>\n\t\t\t\t\t<\/div>\n\t\t<\/div>\n\t\t\t\t\t\t\t<\/div>\n\t\t<\/section>\n\t\t\t\t<section class=\"elementor-section elementor-top-section elementor-element elementor-element-b0865c5 elementor-section-boxed elementor-section-height-default elementor-section-height-default\" data-id=\"b0865c5\" data-element_type=\"section\">\n\t\t\t\t\t\t<div class=\"elementor-container elementor-column-gap-default\">\n\t\t\t\t\t<div class=\"elementor-column elementor-col-100 elementor-top-column elementor-element elementor-element-4336f7d\" data-id=\"4336f7d\" data-element_type=\"column\">\n\t\t\t<div class=\"elementor-widget-wrap elementor-element-populated\">\n\t\t\t\t\t\t\t\t<div class=\"elementor-element elementor-element-435fdf2 elementor-widget elementor-widget-image\" data-id=\"435fdf2\" data-element_type=\"widget\" data-widget_type=\"image.default\">\n\t\t\t\t<div class=\"elementor-widget-container\">\n\t\t\t\t\t\t\t\t\t\t\t\t\t\t\t<img decoding=\"async\" width=\"768\" height=\"1015\" src=\"https:\/\/ofrendasfotograficas.net\/wp-content\/uploads\/2024\/07\/Kena-Lorenzini-02-768x1015.jpg\" class=\"attachment-medium_large size-medium_large wp-image-1261\" alt=\"Fotograf\u00eda a color en formato vertical. Plano cerrado de un piso de cemento gris en la v\u00eda p\u00fablica con muchos pares de zapatos de diferentes formas, tama\u00f1os y colores. Cada par lleva escrito en una hoja blanca los nombres de mujeres asesinadas y la fecha de su femicidio. Al centro tiene dibujado con l\u00edneas blancas una plantilla de cubo para armar.\" loading=\"lazy\" srcset=\"https:\/\/ofrendasfotograficas.net\/wp-content\/uploads\/2024\/07\/Kena-Lorenzini-02-768x1015.jpg 768w, https:\/\/ofrendasfotograficas.net\/wp-content\/uploads\/2024\/07\/Kena-Lorenzini-02-227x300.jpg 227w, https:\/\/ofrendasfotograficas.net\/wp-content\/uploads\/2024\/07\/Kena-Lorenzini-02-775x1024.jpg 775w, https:\/\/ofrendasfotograficas.net\/wp-content\/uploads\/2024\/07\/Kena-Lorenzini-02-600x793.jpg 600w, https:\/\/ofrendasfotograficas.net\/wp-content\/uploads\/2024\/07\/Kena-Lorenzini-02.jpg 1068w\" sizes=\"100vw\" \/>\t\t\t\t\t\t\t\t\t\t\t\t\t\t\t<\/div>\n\t\t\t\t<\/div>\n\t\t\t\t\t<\/div>\n\t\t<\/div>\n\t\t\t\t\t\t\t<\/div>\n\t\t<\/section>\n\t\t\t\t<section class=\"elementor-section elementor-top-section elementor-element elementor-element-d62eed5 elementor-section-boxed elementor-section-height-default elementor-section-height-default\" data-id=\"d62eed5\" data-element_type=\"section\">\n\t\t\t\t\t\t<div class=\"elementor-container elementor-column-gap-default\">\n\t\t\t\t\t<div class=\"elementor-column elementor-col-100 elementor-top-column elementor-element elementor-element-c914a47\" data-id=\"c914a47\" data-element_type=\"column\">\n\t\t\t<div class=\"elementor-widget-wrap elementor-element-populated\">\n\t\t\t\t\t\t\t\t<div class=\"elementor-element elementor-element-4495026 elementor-widget elementor-widget-text-editor\" data-id=\"4495026\" data-element_type=\"widget\" data-widget_type=\"text-editor.default\">\n\t\t\t\t<div class=\"elementor-widget-container\">\n\t\t\t\t\t\t\t<p>\u00a0<\/p><p>\u00a0<\/p>\t\t\t\t\t\t<\/div>\n\t\t\t\t<\/div>\n\t\t\t\t\t<\/div>\n\t\t<\/div>\n\t\t\t\t\t\t\t<\/div>\n\t\t<\/section>\n\t\t\t\t\t\t\t<\/div>\n\t\t","protected":false},"excerpt":{"rendered":"<p>Kena Lorenzini Lorenzini \u00a0 En su conjunto la obra \u201cMemorial Instalacio\u0301n Femicidio\u201d, es un homenaje a la escritora y acade\u0301mica feminista, Guadalupe Santa Cruz, a quien se le dedica la fotografi\u0301a de la primera intervencio\u0301n callejera en Chile para visualizar el femicidio, organizado por la Red Chilena contra la violencia hacia las Mujeres (17-1-2004). La &hellip; <\/p>\n<p class=\"link-more\"><a href=\"https:\/\/ofrendasfotograficas.net\/?page_id=659\" class=\"more-link\">Leer m\u00e1s<span class=\"screen-reader-text\"> \u00abMemorial instalaci\u00f3n femicidio\u00bb<\/span><\/a><\/p>\n","protected":false},"author":1,"featured_media":0,"parent":0,"menu_order":0,"comment_status":"closed","ping_status":"closed","template":"","meta":[],"featured_media_urls":[],"_links":{"self":[{"href":"https:\/\/ofrendasfotograficas.net\/index.php?rest_route=\/wp\/v2\/pages\/659"}],"collection":[{"href":"https:\/\/ofrendasfotograficas.net\/index.php?rest_route=\/wp\/v2\/pages"}],"about":[{"href":"https:\/\/ofrendasfotograficas.net\/index.php?rest_route=\/wp\/v2\/types\/page"}],"author":[{"embeddable":true,"href":"https:\/\/ofrendasfotograficas.net\/index.php?rest_route=\/wp\/v2\/users\/1"}],"replies":[{"embeddable":true,"href":"https:\/\/ofrendasfotograficas.net\/index.php?rest_route=%2Fwp%2Fv2%2Fcomments&post=659"}],"version-history":[{"count":31,"href":"https:\/\/ofrendasfotograficas.net\/index.php?rest_route=\/wp\/v2\/pages\/659\/revisions"}],"predecessor-version":[{"id":1868,"href":"https:\/\/ofrendasfotograficas.net\/index.php?rest_route=\/wp\/v2\/pages\/659\/revisions\/1868"}],"wp:attachment":[{"href":"https:\/\/ofrendasfotograficas.net\/index.php?rest_route=%2Fwp%2Fv2%2Fmedia&parent=659"}],"curies":[{"name":"wp","href":"https:\/\/api.w.org\/{rel}","templated":true}]}}