{"id":690,"date":"2024-07-02T18:25:34","date_gmt":"2024-07-02T18:25:34","guid":{"rendered":"https:\/\/ofrendasfotograficas.net\/?page_id=690"},"modified":"2024-07-31T10:01:25","modified_gmt":"2024-07-31T10:01:25","slug":"trama-inconclusa","status":"publish","type":"page","link":"https:\/\/ofrendasfotograficas.net\/?page_id=690","title":{"rendered":"Trama inconclusa"},"content":{"rendered":"\t\t<div data-elementor-type=\"wp-page\" data-elementor-id=\"690\" class=\"elementor elementor-690\">\n\t\t\t\t\t\t\t\t\t<section class=\"elementor-section elementor-top-section elementor-element elementor-element-4ab225b elementor-section-boxed elementor-section-height-default elementor-section-height-default\" data-id=\"4ab225b\" data-element_type=\"section\">\n\t\t\t\t\t\t<div class=\"elementor-container elementor-column-gap-default\">\n\t\t\t\t\t<div class=\"elementor-column elementor-col-100 elementor-top-column elementor-element elementor-element-d72d3e1\" data-id=\"d72d3e1\" data-element_type=\"column\">\n\t\t\t<div class=\"elementor-widget-wrap elementor-element-populated\">\n\t\t\t\t\t\t\t\t<div class=\"elementor-element elementor-element-ce34e60 elementor-widget elementor-widget-text-editor\" data-id=\"ce34e60\" data-element_type=\"widget\" data-widget_type=\"text-editor.default\">\n\t\t\t\t<div class=\"elementor-widget-container\">\n\t\t\t<style>\/*! elementor - v3.15.0 - 20-08-2023 *\/\n.elementor-widget-text-editor.elementor-drop-cap-view-stacked .elementor-drop-cap{background-color:#69727d;color:#fff}.elementor-widget-text-editor.elementor-drop-cap-view-framed .elementor-drop-cap{color:#69727d;border:3px solid;background-color:transparent}.elementor-widget-text-editor:not(.elementor-drop-cap-view-default) .elementor-drop-cap{margin-top:8px}.elementor-widget-text-editor:not(.elementor-drop-cap-view-default) .elementor-drop-cap-letter{width:1em;height:1em}.elementor-widget-text-editor .elementor-drop-cap{float:left;text-align:center;line-height:1;font-size:50px}.elementor-widget-text-editor .elementor-drop-cap-letter{display:inline-block}<\/style>\t\t\t\t<p>Jocelyne Rodr\u00edguez Droguett<\/p>\t\t\t\t\t\t<\/div>\n\t\t\t\t<\/div>\n\t\t\t\t\t<\/div>\n\t\t<\/div>\n\t\t\t\t\t\t\t<\/div>\n\t\t<\/section>\n\t\t\t\t<section class=\"elementor-section elementor-top-section elementor-element elementor-element-eb2592f elementor-section-boxed elementor-section-height-default elementor-section-height-default\" data-id=\"eb2592f\" data-element_type=\"section\">\n\t\t\t\t\t\t<div class=\"elementor-container elementor-column-gap-default\">\n\t\t\t\t\t<div class=\"elementor-column elementor-col-100 elementor-top-column elementor-element elementor-element-d087309\" data-id=\"d087309\" data-element_type=\"column\">\n\t\t\t<div class=\"elementor-widget-wrap elementor-element-populated\">\n\t\t\t\t\t\t\t\t<div class=\"elementor-element elementor-element-9d6f207 elementor-widget elementor-widget-image-gallery\" data-id=\"9d6f207\" data-element_type=\"widget\" data-widget_type=\"image-gallery.default\">\n\t\t\t\t<div class=\"elementor-widget-container\">\n\t\t\t<style>\/*! elementor - v3.15.0 - 20-08-2023 *\/\n.elementor-image-gallery .gallery-item{display:inline-block;text-align:center;vertical-align:top;width:100%;max-width:100%;margin:0 auto}.elementor-image-gallery .gallery-item img{margin:0 auto}.elementor-image-gallery .gallery-item .gallery-caption{margin:0}.elementor-image-gallery figure img{display:block}.elementor-image-gallery figure figcaption{width:100%}.gallery-spacing-custom .elementor-image-gallery .gallery-icon{padding:0}@media (min-width:768px){.elementor-image-gallery .gallery-columns-2 .gallery-item{max-width:50%}.elementor-image-gallery .gallery-columns-3 .gallery-item{max-width:33.33%}.elementor-image-gallery .gallery-columns-4 .gallery-item{max-width:25%}.elementor-image-gallery .gallery-columns-5 .gallery-item{max-width:20%}.elementor-image-gallery .gallery-columns-6 .gallery-item{max-width:16.666%}.elementor-image-gallery .gallery-columns-7 .gallery-item{max-width:14.28%}.elementor-image-gallery .gallery-columns-8 .gallery-item{max-width:12.5%}.elementor-image-gallery .gallery-columns-9 .gallery-item{max-width:11.11%}.elementor-image-gallery .gallery-columns-10 .gallery-item{max-width:10%}}@media (min-width:480px) and (max-width:767px){.elementor-image-gallery .gallery.gallery-columns-2 .gallery-item,.elementor-image-gallery .gallery.gallery-columns-3 .gallery-item,.elementor-image-gallery .gallery.gallery-columns-4 .gallery-item,.elementor-image-gallery .gallery.gallery-columns-5 .gallery-item,.elementor-image-gallery .gallery.gallery-columns-6 .gallery-item,.elementor-image-gallery .gallery.gallery-columns-7 .gallery-item,.elementor-image-gallery .gallery.gallery-columns-8 .gallery-item,.elementor-image-gallery .gallery.gallery-columns-9 .gallery-item,.elementor-image-gallery .gallery.gallery-columns-10 .gallery-item{max-width:50%}}@media (max-width:479px){.elementor-image-gallery .gallery.gallery-columns-2 .gallery-item,.elementor-image-gallery .gallery.gallery-columns-3 .gallery-item,.elementor-image-gallery .gallery.gallery-columns-4 .gallery-item,.elementor-image-gallery .gallery.gallery-columns-5 .gallery-item,.elementor-image-gallery .gallery.gallery-columns-6 .gallery-item,.elementor-image-gallery .gallery.gallery-columns-7 .gallery-item,.elementor-image-gallery .gallery.gallery-columns-8 .gallery-item,.elementor-image-gallery .gallery.gallery-columns-9 .gallery-item,.elementor-image-gallery .gallery.gallery-columns-10 .gallery-item{max-width:100%}}<\/style>\t\t<div class=\"elementor-image-gallery\">\n\t\t\t<div id='gallery-1' class='gallery galleryid-690 gallery-columns-2 gallery-size-large'><figure class='gallery-item'>\n\t\t\t<div class='gallery-icon landscape'>\n\t\t\t\t<a data-elementor-open-lightbox=\"yes\" data-elementor-lightbox-slideshow=\"9d6f207\" data-elementor-lightbox-title=\"Jocelyne 02\" data-e-action-hash=\"#elementor-action%3Aaction%3Dlightbox%26settings%3DeyJpZCI6NDExLCJ1cmwiOiJodHRwczpcL1wvb2ZyZW5kYXNmb3RvZ3JhZmljYXMubmV0XC93cC1jb250ZW50XC91cGxvYWRzXC8yMDIzXC8wOVwvSm9jZWx5bmUtMDIuanBnIiwic2xpZGVzaG93IjoiOWQ2ZjIwNyJ9\" href='https:\/\/ofrendasfotograficas.net\/wp-content\/uploads\/2023\/09\/Jocelyne-02.jpg'><img width=\"950\" height=\"519\" src=\"https:\/\/ofrendasfotograficas.net\/wp-content\/uploads\/2023\/09\/Jocelyne-02-1024x559.jpg\" class=\"attachment-large size-large\" alt=\"Imagen fotogr\u00e1fica con encuadre horizontal a color. En el fondo de la imagen una hojas de papel, algunas rayas como los cuadernos de l\u00edneas. Sobre estas hojas hay muchas tiras recortadas de forma delgada de papel fotogr\u00e1fico de colores negro rojos y blanco.\" decoding=\"async\" loading=\"lazy\" srcset=\"https:\/\/ofrendasfotograficas.net\/wp-content\/uploads\/2023\/09\/Jocelyne-02-1024x559.jpg 1024w, https:\/\/ofrendasfotograficas.net\/wp-content\/uploads\/2023\/09\/Jocelyne-02-300x164.jpg 300w, https:\/\/ofrendasfotograficas.net\/wp-content\/uploads\/2023\/09\/Jocelyne-02-768x419.jpg 768w, https:\/\/ofrendasfotograficas.net\/wp-content\/uploads\/2023\/09\/Jocelyne-02-1536x838.jpg 1536w, https:\/\/ofrendasfotograficas.net\/wp-content\/uploads\/2023\/09\/Jocelyne-02-600x327.jpg 600w, https:\/\/ofrendasfotograficas.net\/wp-content\/uploads\/2023\/09\/Jocelyne-02-1200x655.jpg 1200w, https:\/\/ofrendasfotograficas.net\/wp-content\/uploads\/2023\/09\/Jocelyne-02.jpg 1980w\" sizes=\"100vw\" \/><\/a>\n\t\t\t<\/div><\/figure><figure class='gallery-item'>\n\t\t\t<div class='gallery-icon landscape'>\n\t\t\t\t<a data-elementor-open-lightbox=\"yes\" data-elementor-lightbox-slideshow=\"9d6f207\" data-elementor-lightbox-title=\"Jocelyne 03\" data-e-action-hash=\"#elementor-action%3Aaction%3Dlightbox%26settings%3DeyJpZCI6NDEzLCJ1cmwiOiJodHRwczpcL1wvb2ZyZW5kYXNmb3RvZ3JhZmljYXMubmV0XC93cC1jb250ZW50XC91cGxvYWRzXC8yMDIzXC8wOVwvSm9jZWx5bmUtMDMuanBnIiwic2xpZGVzaG93IjoiOWQ2ZjIwNyJ9\" href='https:\/\/ofrendasfotograficas.net\/wp-content\/uploads\/2023\/09\/Jocelyne-03.jpg'><img width=\"950\" height=\"519\" src=\"https:\/\/ofrendasfotograficas.net\/wp-content\/uploads\/2023\/09\/Jocelyne-03-1024x559.jpg\" class=\"attachment-large size-large\" alt=\"Imagen fotogr\u00e1fica con encuadre horizontal a color. Enfoque de primer plano. Sobre una base blanca est\u00e1 puesta una revista. La revista esta armada con recortes de tiras delgadas que se entrelazan entre ellas como hibanadas de colores rojos negro y blanco.. En toda la parte superior de la revista, en el encabezado, est\u00e1 escrito con letras negras gruesas; Asesinan a mujer embarazada de ocho meses. Debajo del encabezado a la izquierda est\u00e1n escritas con letras peque\u00f1as, las distintas plataformas virtuales para obtener informaci\u00f3n. Todo lo que resta de la imagen es el registro fotogr\u00e1fico del traslado del cuerpo. Al lado izquierdo est\u00e1n 3 humanos que llevan una camilla con un cuerpo muerto tapado con tela blanca. Frente a la camilla est\u00e1 el veh\u00edculo de MEDICO LEGAL. Estas tiras est\u00e1n hilvanadas, como una costura que atraviesa toda la revista de extremo a extremo, solo algunas partes no tienen hilv\u00e1n, como el centro donde est\u00e1 la imagen de la camilla, con el cuerpo subiendo al veh\u00edculo de m\u00e9dico legal.\" decoding=\"async\" loading=\"lazy\" srcset=\"https:\/\/ofrendasfotograficas.net\/wp-content\/uploads\/2023\/09\/Jocelyne-03-1024x559.jpg 1024w, https:\/\/ofrendasfotograficas.net\/wp-content\/uploads\/2023\/09\/Jocelyne-03-300x164.jpg 300w, https:\/\/ofrendasfotograficas.net\/wp-content\/uploads\/2023\/09\/Jocelyne-03-768x419.jpg 768w, https:\/\/ofrendasfotograficas.net\/wp-content\/uploads\/2023\/09\/Jocelyne-03-1536x838.jpg 1536w, https:\/\/ofrendasfotograficas.net\/wp-content\/uploads\/2023\/09\/Jocelyne-03-600x327.jpg 600w, https:\/\/ofrendasfotograficas.net\/wp-content\/uploads\/2023\/09\/Jocelyne-03-1200x655.jpg 1200w, https:\/\/ofrendasfotograficas.net\/wp-content\/uploads\/2023\/09\/Jocelyne-03.jpg 1980w\" sizes=\"100vw\" \/><\/a>\n\t\t\t<\/div><\/figure>\n\t\t<\/div>\n\t\t<\/div>\n\t\t\t\t<\/div>\n\t\t\t\t<\/div>\n\t\t\t\t\t<\/div>\n\t\t<\/div>\n\t\t\t\t\t\t\t<\/div>\n\t\t<\/section>\n\t\t\t\t<section class=\"elementor-section elementor-top-section elementor-element elementor-element-e2a03a7 elementor-section-boxed elementor-section-height-default elementor-section-height-default\" data-id=\"e2a03a7\" data-element_type=\"section\">\n\t\t\t\t\t\t<div class=\"elementor-container elementor-column-gap-default\">\n\t\t\t\t\t<div class=\"elementor-column elementor-col-100 elementor-top-column elementor-element elementor-element-5051d60\" data-id=\"5051d60\" data-element_type=\"column\">\n\t\t\t<div class=\"elementor-widget-wrap elementor-element-populated\">\n\t\t\t\t\t\t\t\t<div class=\"elementor-element elementor-element-94d4776 elementor-widget elementor-widget-image\" data-id=\"94d4776\" data-element_type=\"widget\" data-widget_type=\"image.default\">\n\t\t\t\t<div class=\"elementor-widget-container\">\n\t\t\t<style>\/*! elementor - v3.15.0 - 20-08-2023 *\/\n.elementor-widget-image{text-align:center}.elementor-widget-image a{display:inline-block}.elementor-widget-image a img[src$=\".svg\"]{width:48px}.elementor-widget-image img{vertical-align:middle;display:inline-block}<\/style>\t\t\t\t\t\t\t\t\t\t\t\t<img decoding=\"async\" width=\"678\" height=\"1024\" src=\"https:\/\/ofrendasfotograficas.net\/wp-content\/uploads\/2023\/09\/Jocelyne-01-678x1024.jpg\" class=\"attachment-large size-large wp-image-410\" alt=\"Imagen vertical con fondo blanco. Impresi\u00f3n de una noticia intervenida con tiras de papel hechas de ecograf\u00edas en rojo y negro. El titular dice: Asesinan a mujer embarazada de ocho meses, abajo la imagen de 3 polic\u00edas llevando en una camilla un cuerpo tapado. Las tiras que hilvanan la noticia forman una trama entretejida y sobresalen por arriba y abajo de \u00e9sta.\" loading=\"lazy\" srcset=\"https:\/\/ofrendasfotograficas.net\/wp-content\/uploads\/2023\/09\/Jocelyne-01-678x1024.jpg 678w, https:\/\/ofrendasfotograficas.net\/wp-content\/uploads\/2023\/09\/Jocelyne-01-199x300.jpg 199w, https:\/\/ofrendasfotograficas.net\/wp-content\/uploads\/2023\/09\/Jocelyne-01-600x906.jpg 600w, https:\/\/ofrendasfotograficas.net\/wp-content\/uploads\/2023\/09\/Jocelyne-01.jpg 715w\" sizes=\"100vw\" \/>\t\t\t\t\t\t\t\t\t\t\t\t\t\t\t<\/div>\n\t\t\t\t<\/div>\n\t\t\t\t\t<\/div>\n\t\t<\/div>\n\t\t\t\t\t\t\t<\/div>\n\t\t<\/section>\n\t\t\t\t<section class=\"elementor-section elementor-top-section elementor-element elementor-element-e87eb8a elementor-section-boxed elementor-section-height-default elementor-section-height-default\" data-id=\"e87eb8a\" data-element_type=\"section\">\n\t\t\t\t\t\t<div class=\"elementor-container elementor-column-gap-default\">\n\t\t\t\t\t<div class=\"elementor-column elementor-col-100 elementor-top-column elementor-element elementor-element-75b086d\" data-id=\"75b086d\" data-element_type=\"column\">\n\t\t\t<div class=\"elementor-widget-wrap elementor-element-populated\">\n\t\t\t\t\t\t\t\t<div class=\"elementor-element elementor-element-868c63a elementor-widget elementor-widget-text-editor\" data-id=\"868c63a\" data-element_type=\"widget\" data-widget_type=\"text-editor.default\">\n\t\t\t\t<div class=\"elementor-widget-container\">\n\t\t\t\t\t\t\t<p>\u00a0<\/p><p>Trama Inconclusa 2015 \u2013 2018<br \/>Fotograf\u00eda digital tejida: archivo de prensa con ecograf\u00edas.<br \/>Impresi\u00f3n inyecci\u00f3n de tinta en papel fotogr\u00e1fico.<br \/>Enmarcaci\u00f3n entre vidrios antireflejos, marco de madera blanco.<\/p><p>Proyecto que indaga en los femicidios cometidos contra mujeres embarazadas donde esposo, pareja y\/o conviviente, ataca y da muerte a su pareja e hijo \/ a en gestaci\u00f3n, provocando en muchos casos la muerte de ambos, relacionado con la presentaci\u00f3n que realizan los medios noticiosos de estos sucesos.<\/p><p>El trabajo se basa en recopilar registros de prensa nacional e internacional que narran estos hechos mezclados o entretejidos con im\u00e1genes vinculadas con el proceso de gestaci\u00f3n, espec\u00edficamente ecograf\u00edas. Se trabaj\u00f3 a trav\u00e9s del tejido del papel fotogr\u00e1fico, que posiciona a la imagen en un espacio entre lo artesanal y digital; resaltando la condici\u00f3n del papel y evidenciando simb\u00f3licamente por medio de su trama, las tramas que esconden estas historias silenciadas y documentadas intrincadamente desde el \u00e1mbito period\u00edstico, que aporta en la mayor\u00eda de las ocasiones, a perpetuar estereotipos de g\u00e9nero sobre este tema.<\/p><p>La obra fue desarrollada entre el a\u00f1o 2014 \u2013 2015 y se volvi\u00f3 a rehacer en el a\u00f1o 2018 para la muestra en el Centro Cultural Estaci\u00f3n Mapocho (Santiago de Chile). Adem\u00e1s el proceso de trabajo fue presentado en la Muestra \u201cUn Estudio Propio\u201d Gestionado por el Colectivo de Mujeres \u2013ComuArte, M\u00e9xico, en colaboraci\u00f3n con la Universidad Aut\u00f3noma de Quer\u00e9taro, Secretar\u00eda de Cultura del Gobierno de la Ciudad de M\u00e9xico, Instituto Nacional de Bellas Artes, Centro Cultural Universitario y Agencia Internacional de Cooperaci\u00f3n Espa\u00f1ola. Presentado en Paseo de las Artes Rejas de Chapultepec \u2013 Ciudad de M\u00e9xico. 26 de febrero a 31 de marzo 2019.<\/p><p>\u00a0<\/p>\t\t\t\t\t\t<\/div>\n\t\t\t\t<\/div>\n\t\t\t\t\t<\/div>\n\t\t<\/div>\n\t\t\t\t\t\t\t<\/div>\n\t\t<\/section>\n\t\t\t\t<section class=\"elementor-section elementor-top-section elementor-element elementor-element-40dd56d elementor-section-boxed elementor-section-height-default elementor-section-height-default\" data-id=\"40dd56d\" data-element_type=\"section\">\n\t\t\t\t\t\t<div class=\"elementor-container elementor-column-gap-default\">\n\t\t\t\t\t<div class=\"elementor-column elementor-col-100 elementor-top-column elementor-element elementor-element-0a366ba\" data-id=\"0a366ba\" data-element_type=\"column\">\n\t\t\t<div class=\"elementor-widget-wrap elementor-element-populated\">\n\t\t\t\t\t\t\t\t<div class=\"elementor-element elementor-element-2f8e477 elementor-widget elementor-widget-image\" data-id=\"2f8e477\" data-element_type=\"widget\" data-widget_type=\"image.default\">\n\t\t\t\t<div class=\"elementor-widget-container\">\n\t\t\t\t\t\t\t\t\t\t\t\t\t\t\t<img decoding=\"async\" width=\"950\" height=\"834\" src=\"https:\/\/ofrendasfotograficas.net\/wp-content\/uploads\/2024\/07\/Jocelyne-04-1024x899.jpg\" class=\"attachment-large size-large wp-image-1377\" alt=\"Hay un d\u00edptico de im\u00e1genes fotogr\u00e1ficas elaboradas con t\u00e9cnica de tejido a telar, las fotograf\u00edas est\u00e1n colocadas en unos marcos de vidrio transparente de manera de poder apreciar su textura.\" loading=\"lazy\" srcset=\"https:\/\/ofrendasfotograficas.net\/wp-content\/uploads\/2024\/07\/Jocelyne-04-1024x899.jpg 1024w, https:\/\/ofrendasfotograficas.net\/wp-content\/uploads\/2024\/07\/Jocelyne-04-300x263.jpg 300w, https:\/\/ofrendasfotograficas.net\/wp-content\/uploads\/2024\/07\/Jocelyne-04-768x675.jpg 768w, https:\/\/ofrendasfotograficas.net\/wp-content\/uploads\/2024\/07\/Jocelyne-04-1536x1349.jpg 1536w, https:\/\/ofrendasfotograficas.net\/wp-content\/uploads\/2024\/07\/Jocelyne-04-2048x1799.jpg 2048w, https:\/\/ofrendasfotograficas.net\/wp-content\/uploads\/2024\/07\/Jocelyne-04-2000x1757.jpg 2000w, https:\/\/ofrendasfotograficas.net\/wp-content\/uploads\/2024\/07\/Jocelyne-04-600x527.jpg 600w, https:\/\/ofrendasfotograficas.net\/wp-content\/uploads\/2024\/07\/Jocelyne-04-1200x1054.jpg 1200w\" sizes=\"100vw\" \/>\t\t\t\t\t\t\t\t\t\t\t\t\t\t\t<\/div>\n\t\t\t\t<\/div>\n\t\t\t\t\t<\/div>\n\t\t<\/div>\n\t\t\t\t\t\t\t<\/div>\n\t\t<\/section>\n\t\t\t\t<section class=\"elementor-section elementor-top-section elementor-element elementor-element-93b18fe elementor-section-boxed elementor-section-height-default elementor-section-height-default\" data-id=\"93b18fe\" data-element_type=\"section\">\n\t\t\t\t\t\t<div class=\"elementor-container elementor-column-gap-default\">\n\t\t\t\t\t<div class=\"elementor-column elementor-col-100 elementor-top-column elementor-element elementor-element-3e7637f\" data-id=\"3e7637f\" data-element_type=\"column\">\n\t\t\t<div class=\"elementor-widget-wrap elementor-element-populated\">\n\t\t\t\t\t\t\t\t<div class=\"elementor-element elementor-element-10e3636 elementor-widget elementor-widget-text-editor\" data-id=\"10e3636\" data-element_type=\"widget\" data-widget_type=\"text-editor.default\">\n\t\t\t\t<div class=\"elementor-widget-container\">\n\t\t\t\t\t\t\t<p>\u00a0<\/p><p>\u00a0<\/p>\t\t\t\t\t\t<\/div>\n\t\t\t\t<\/div>\n\t\t\t\t\t<\/div>\n\t\t<\/div>\n\t\t\t\t\t\t\t<\/div>\n\t\t<\/section>\n\t\t\t\t\t\t\t<\/div>\n\t\t","protected":false},"excerpt":{"rendered":"<p>Jocelyne Rodr\u00edguez Droguett \u00a0 Trama Inconclusa 2015 \u2013 2018Fotograf\u00eda digital tejida: archivo de prensa con ecograf\u00edas.Impresi\u00f3n inyecci\u00f3n de tinta en papel fotogr\u00e1fico.Enmarcaci\u00f3n entre vidrios antireflejos, marco de madera blanco. Proyecto que indaga en los femicidios cometidos contra mujeres embarazadas donde esposo, pareja y\/o conviviente, ataca y da muerte a su pareja e hijo \/ a &hellip; <\/p>\n<p class=\"link-more\"><a href=\"https:\/\/ofrendasfotograficas.net\/?page_id=690\" class=\"more-link\">Leer m\u00e1s<span class=\"screen-reader-text\"> \u00abTrama inconclusa\u00bb<\/span><\/a><\/p>\n","protected":false},"author":1,"featured_media":0,"parent":0,"menu_order":0,"comment_status":"closed","ping_status":"closed","template":"","meta":[],"featured_media_urls":[],"_links":{"self":[{"href":"https:\/\/ofrendasfotograficas.net\/index.php?rest_route=\/wp\/v2\/pages\/690"}],"collection":[{"href":"https:\/\/ofrendasfotograficas.net\/index.php?rest_route=\/wp\/v2\/pages"}],"about":[{"href":"https:\/\/ofrendasfotograficas.net\/index.php?rest_route=\/wp\/v2\/types\/page"}],"author":[{"embeddable":true,"href":"https:\/\/ofrendasfotograficas.net\/index.php?rest_route=\/wp\/v2\/users\/1"}],"replies":[{"embeddable":true,"href":"https:\/\/ofrendasfotograficas.net\/index.php?rest_route=%2Fwp%2Fv2%2Fcomments&post=690"}],"version-history":[{"count":42,"href":"https:\/\/ofrendasfotograficas.net\/index.php?rest_route=\/wp\/v2\/pages\/690\/revisions"}],"predecessor-version":[{"id":1671,"href":"https:\/\/ofrendasfotograficas.net\/index.php?rest_route=\/wp\/v2\/pages\/690\/revisions\/1671"}],"wp:attachment":[{"href":"https:\/\/ofrendasfotograficas.net\/index.php?rest_route=%2Fwp%2Fv2%2Fmedia&parent=690"}],"curies":[{"name":"wp","href":"https:\/\/api.w.org\/{rel}","templated":true}]}}