{"id":753,"date":"2024-07-02T19:28:49","date_gmt":"2024-07-02T19:28:49","guid":{"rendered":"https:\/\/ofrendasfotograficas.net\/?page_id=753"},"modified":"2024-07-31T14:57:09","modified_gmt":"2024-07-31T14:57:09","slug":"ofrendas-villa-grimaldi","status":"publish","type":"page","link":"https:\/\/ofrendasfotograficas.net\/?page_id=753","title":{"rendered":"Ofrendas Villa Grimaldi"},"content":{"rendered":"\t\t<div data-elementor-type=\"wp-page\" data-elementor-id=\"753\" class=\"elementor elementor-753\">\n\t\t\t\t\t\t\t\t\t<section class=\"elementor-section elementor-top-section elementor-element elementor-element-8f02a16 elementor-section-boxed elementor-section-height-default elementor-section-height-default\" data-id=\"8f02a16\" data-element_type=\"section\">\n\t\t\t\t\t\t<div class=\"elementor-container elementor-column-gap-default\">\n\t\t\t\t\t<div class=\"elementor-column elementor-col-100 elementor-top-column elementor-element elementor-element-dbbfbba\" data-id=\"dbbfbba\" data-element_type=\"column\">\n\t\t\t<div class=\"elementor-widget-wrap elementor-element-populated\">\n\t\t\t\t\t\t\t\t<div class=\"elementor-element elementor-element-d18a1fe elementor-widget elementor-widget-text-editor\" data-id=\"d18a1fe\" data-element_type=\"widget\" data-widget_type=\"text-editor.default\">\n\t\t\t\t<div class=\"elementor-widget-container\">\n\t\t\t<style>\/*! elementor - v3.15.0 - 20-08-2023 *\/\n.elementor-widget-text-editor.elementor-drop-cap-view-stacked .elementor-drop-cap{background-color:#69727d;color:#fff}.elementor-widget-text-editor.elementor-drop-cap-view-framed .elementor-drop-cap{color:#69727d;border:3px solid;background-color:transparent}.elementor-widget-text-editor:not(.elementor-drop-cap-view-default) .elementor-drop-cap{margin-top:8px}.elementor-widget-text-editor:not(.elementor-drop-cap-view-default) .elementor-drop-cap-letter{width:1em;height:1em}.elementor-widget-text-editor .elementor-drop-cap{float:left;text-align:center;line-height:1;font-size:50px}.elementor-widget-text-editor .elementor-drop-cap-letter{display:inline-block}<\/style>\t\t\t\t<p><b>-Acci\u00f3n de Bordado colectivo en Villa Grimaldi, Santiago (2015).<\/b><\/p><p>Actividad de bordado colectivo, donde convocamos a un grupo de personas a reunirse y bordar los nombres de mujeres v\u00edctimas de femicidio durante ese a\u00f1o, activando un espacio de reflexi\u00f3n, creaci\u00f3n y di\u00e1logo comunitario. En esta oportunidad se bord\u00f3 un gran lienzo con la frase \u201cla mat\u00e9 porque era m\u00eda\u201d. La jornada finaliz\u00f3 con una trama de lanas construida por Amanda y Emilia, hijas de Gabriela Rivera Lucero. Fue muy significativo suspender los bordados continuo al Jard\u00edn de las Rosas, que rememora a las mujeres que sufrieron vej\u00e1menes, tortura y desaparici\u00f3n en este centro clandestino de tortura que funcion\u00f3 durante la dictadura c\u00edvico militar en Chile.<\/p>\t\t\t\t\t\t<\/div>\n\t\t\t\t<\/div>\n\t\t\t\t\t<\/div>\n\t\t<\/div>\n\t\t\t\t\t\t\t<\/div>\n\t\t<\/section>\n\t\t\t\t<section class=\"elementor-section elementor-top-section elementor-element elementor-element-ed2b7aa elementor-section-boxed elementor-section-height-default elementor-section-height-default\" data-id=\"ed2b7aa\" data-element_type=\"section\">\n\t\t\t\t\t\t<div class=\"elementor-container elementor-column-gap-default\">\n\t\t\t\t\t<div class=\"elementor-column elementor-col-100 elementor-top-column elementor-element elementor-element-ce68db8\" data-id=\"ce68db8\" data-element_type=\"column\">\n\t\t\t<div class=\"elementor-widget-wrap elementor-element-populated\">\n\t\t\t\t\t\t\t\t<div class=\"elementor-element elementor-element-a2cf002 elementor-widget elementor-widget-image-gallery\" data-id=\"a2cf002\" data-element_type=\"widget\" data-widget_type=\"image-gallery.default\">\n\t\t\t\t<div class=\"elementor-widget-container\">\n\t\t\t<style>\/*! elementor - v3.15.0 - 20-08-2023 *\/\n.elementor-image-gallery .gallery-item{display:inline-block;text-align:center;vertical-align:top;width:100%;max-width:100%;margin:0 auto}.elementor-image-gallery .gallery-item img{margin:0 auto}.elementor-image-gallery .gallery-item .gallery-caption{margin:0}.elementor-image-gallery figure img{display:block}.elementor-image-gallery figure figcaption{width:100%}.gallery-spacing-custom .elementor-image-gallery .gallery-icon{padding:0}@media (min-width:768px){.elementor-image-gallery .gallery-columns-2 .gallery-item{max-width:50%}.elementor-image-gallery .gallery-columns-3 .gallery-item{max-width:33.33%}.elementor-image-gallery .gallery-columns-4 .gallery-item{max-width:25%}.elementor-image-gallery .gallery-columns-5 .gallery-item{max-width:20%}.elementor-image-gallery .gallery-columns-6 .gallery-item{max-width:16.666%}.elementor-image-gallery .gallery-columns-7 .gallery-item{max-width:14.28%}.elementor-image-gallery .gallery-columns-8 .gallery-item{max-width:12.5%}.elementor-image-gallery .gallery-columns-9 .gallery-item{max-width:11.11%}.elementor-image-gallery .gallery-columns-10 .gallery-item{max-width:10%}}@media (min-width:480px) and (max-width:767px){.elementor-image-gallery .gallery.gallery-columns-2 .gallery-item,.elementor-image-gallery .gallery.gallery-columns-3 .gallery-item,.elementor-image-gallery .gallery.gallery-columns-4 .gallery-item,.elementor-image-gallery .gallery.gallery-columns-5 .gallery-item,.elementor-image-gallery .gallery.gallery-columns-6 .gallery-item,.elementor-image-gallery .gallery.gallery-columns-7 .gallery-item,.elementor-image-gallery .gallery.gallery-columns-8 .gallery-item,.elementor-image-gallery .gallery.gallery-columns-9 .gallery-item,.elementor-image-gallery .gallery.gallery-columns-10 .gallery-item{max-width:50%}}@media (max-width:479px){.elementor-image-gallery .gallery.gallery-columns-2 .gallery-item,.elementor-image-gallery .gallery.gallery-columns-3 .gallery-item,.elementor-image-gallery .gallery.gallery-columns-4 .gallery-item,.elementor-image-gallery .gallery.gallery-columns-5 .gallery-item,.elementor-image-gallery .gallery.gallery-columns-6 .gallery-item,.elementor-image-gallery .gallery.gallery-columns-7 .gallery-item,.elementor-image-gallery .gallery.gallery-columns-8 .gallery-item,.elementor-image-gallery .gallery.gallery-columns-9 .gallery-item,.elementor-image-gallery .gallery.gallery-columns-10 .gallery-item{max-width:100%}}<\/style>\t\t<div class=\"elementor-image-gallery\">\n\t\t\t<div id='gallery-1' class='gallery galleryid-753 gallery-columns-1 gallery-size-large'><figure class='gallery-item'>\n\t\t\t<div class='gallery-icon portrait'>\n\t\t\t\t<a data-elementor-open-lightbox=\"yes\" data-elementor-lightbox-slideshow=\"a2cf002\" data-elementor-lightbox-title=\"Villa Grimaldi iz\" data-e-action-hash=\"#elementor-action%3Aaction%3Dlightbox%26settings%3DeyJpZCI6NTQyLCJ1cmwiOiJodHRwczpcL1wvb2ZyZW5kYXNmb3RvZ3JhZmljYXMubmV0XC93cC1jb250ZW50XC91cGxvYWRzXC8yMDIzXC8wOVwvVmlsbGEtR3JpbWFsZGktaXouanBnIiwic2xpZGVzaG93IjoiYTJjZjAwMiJ9\" href='https:\/\/ofrendasfotograficas.net\/wp-content\/uploads\/2023\/09\/Villa-Grimaldi-iz.jpg'><img width=\"683\" height=\"1024\" src=\"https:\/\/ofrendasfotograficas.net\/wp-content\/uploads\/2023\/09\/Villa-Grimaldi-iz-683x1024.jpg\" class=\"attachment-large size-large\" alt=\"Collage de retratos de personas, mujeres y hombres, sosteniendo los bordados que realizaron durante la jornada de acci\u00f3n de bordado colectivo. Los nombres que se ven son: Carla, Tania, Camila, Miriam, M. de Lourdes, Juana C., Juana V. y Leyla.\" decoding=\"async\" loading=\"lazy\" srcset=\"https:\/\/ofrendasfotograficas.net\/wp-content\/uploads\/2023\/09\/Villa-Grimaldi-iz-683x1024.jpg 683w, https:\/\/ofrendasfotograficas.net\/wp-content\/uploads\/2023\/09\/Villa-Grimaldi-iz-200x300.jpg 200w, https:\/\/ofrendasfotograficas.net\/wp-content\/uploads\/2023\/09\/Villa-Grimaldi-iz-768x1152.jpg 768w, https:\/\/ofrendasfotograficas.net\/wp-content\/uploads\/2023\/09\/Villa-Grimaldi-iz-1024x1536.jpg 1024w, https:\/\/ofrendasfotograficas.net\/wp-content\/uploads\/2023\/09\/Villa-Grimaldi-iz-1366x2048.jpg 1366w, https:\/\/ofrendasfotograficas.net\/wp-content\/uploads\/2023\/09\/Villa-Grimaldi-iz-600x900.jpg 600w, https:\/\/ofrendasfotograficas.net\/wp-content\/uploads\/2023\/09\/Villa-Grimaldi-iz-1200x1800.jpg 1200w, https:\/\/ofrendasfotograficas.net\/wp-content\/uploads\/2023\/09\/Villa-Grimaldi-iz.jpg 1654w\" sizes=\"100vw\" \/><\/a>\n\t\t\t<\/div><\/figure><figure class='gallery-item'>\n\t\t\t<div class='gallery-icon portrait'>\n\t\t\t\t<a data-elementor-open-lightbox=\"yes\" data-elementor-lightbox-slideshow=\"a2cf002\" data-elementor-lightbox-title=\"Villa Grimaldi de\" data-e-action-hash=\"#elementor-action%3Aaction%3Dlightbox%26settings%3DeyJpZCI6NTQxLCJ1cmwiOiJodHRwczpcL1wvb2ZyZW5kYXNmb3RvZ3JhZmljYXMubmV0XC93cC1jb250ZW50XC91cGxvYWRzXC8yMDIzXC8wOVwvVmlsbGEtR3JpbWFsZGktZGUuanBnIiwic2xpZGVzaG93IjoiYTJjZjAwMiJ9\" href='https:\/\/ofrendasfotograficas.net\/wp-content\/uploads\/2023\/09\/Villa-Grimaldi-de.jpg'><img width=\"683\" height=\"1024\" src=\"https:\/\/ofrendasfotograficas.net\/wp-content\/uploads\/2023\/09\/Villa-Grimaldi-de-683x1024.jpg\" class=\"attachment-large size-large\" alt=\"Collage de retratos de personas, mujeres y hombres, sosteniendo los bordados que realizaron durante la jornada de acci\u00f3n de bordado colectivo. Los nombres que se ven son: H.G.M.B, Sara, Mercedes, Paola, Susana, Elvira, Raquel y Aida.\" decoding=\"async\" loading=\"lazy\" srcset=\"https:\/\/ofrendasfotograficas.net\/wp-content\/uploads\/2023\/09\/Villa-Grimaldi-de-683x1024.jpg 683w, https:\/\/ofrendasfotograficas.net\/wp-content\/uploads\/2023\/09\/Villa-Grimaldi-de-200x300.jpg 200w, https:\/\/ofrendasfotograficas.net\/wp-content\/uploads\/2023\/09\/Villa-Grimaldi-de-768x1152.jpg 768w, https:\/\/ofrendasfotograficas.net\/wp-content\/uploads\/2023\/09\/Villa-Grimaldi-de-1024x1536.jpg 1024w, https:\/\/ofrendasfotograficas.net\/wp-content\/uploads\/2023\/09\/Villa-Grimaldi-de-1366x2048.jpg 1366w, https:\/\/ofrendasfotograficas.net\/wp-content\/uploads\/2023\/09\/Villa-Grimaldi-de-600x900.jpg 600w, https:\/\/ofrendasfotograficas.net\/wp-content\/uploads\/2023\/09\/Villa-Grimaldi-de-1200x1800.jpg 1200w, https:\/\/ofrendasfotograficas.net\/wp-content\/uploads\/2023\/09\/Villa-Grimaldi-de.jpg 1654w\" sizes=\"100vw\" \/><\/a>\n\t\t\t<\/div><\/figure>\n\t\t<\/div>\n\t\t<\/div>\n\t\t\t\t<\/div>\n\t\t\t\t<\/div>\n\t\t\t\t\t<\/div>\n\t\t<\/div>\n\t\t\t\t\t\t\t<\/div>\n\t\t<\/section>\n\t\t\t\t<section class=\"elementor-section elementor-top-section elementor-element elementor-element-1a803f3 elementor-section-boxed elementor-section-height-default elementor-section-height-default\" data-id=\"1a803f3\" data-element_type=\"section\">\n\t\t\t\t\t\t<div class=\"elementor-container elementor-column-gap-default\">\n\t\t\t\t\t<div class=\"elementor-column elementor-col-100 elementor-top-column elementor-element elementor-element-39c3f03\" data-id=\"39c3f03\" data-element_type=\"column\">\n\t\t\t<div class=\"elementor-widget-wrap elementor-element-populated\">\n\t\t\t\t\t\t\t\t<div class=\"elementor-element elementor-element-294f790 elementor-widget elementor-widget-text-editor\" data-id=\"294f790\" data-element_type=\"widget\" data-widget_type=\"text-editor.default\">\n\t\t\t\t<div class=\"elementor-widget-container\">\n\t\t\t\t\t\t\t\t\t\t\t\t\t<\/div>\n\t\t\t\t<\/div>\n\t\t\t\t\t<\/div>\n\t\t<\/div>\n\t\t\t\t\t\t\t<\/div>\n\t\t<\/section>\n\t\t\t\t<section class=\"elementor-section elementor-top-section elementor-element elementor-element-e779c04 elementor-section-boxed elementor-section-height-default elementor-section-height-default\" data-id=\"e779c04\" data-element_type=\"section\">\n\t\t\t\t\t\t<div class=\"elementor-container elementor-column-gap-default\">\n\t\t\t\t\t<div class=\"elementor-column elementor-col-100 elementor-top-column elementor-element elementor-element-c6aa361\" data-id=\"c6aa361\" data-element_type=\"column\">\n\t\t\t<div class=\"elementor-widget-wrap elementor-element-populated\">\n\t\t\t\t\t\t\t\t<div class=\"elementor-element elementor-element-5be7387 elementor-widget elementor-widget-image-gallery\" data-id=\"5be7387\" data-element_type=\"widget\" data-widget_type=\"image-gallery.default\">\n\t\t\t\t<div class=\"elementor-widget-container\">\n\t\t\t\t\t<div class=\"elementor-image-gallery\">\n\t\t\t<div id='gallery-2' class='gallery galleryid-753 gallery-columns-1 gallery-size-large'><figure class='gallery-item'>\n\t\t\t<div class='gallery-icon landscape'>\n\t\t\t\t<a data-elementor-open-lightbox=\"yes\" data-elementor-lightbox-slideshow=\"5be7387\" data-elementor-lightbox-title=\"Accion Grimaldi 01\" data-e-action-hash=\"#elementor-action%3Aaction%3Dlightbox%26settings%3DeyJpZCI6MTQ4MCwidXJsIjoiaHR0cHM6XC9cL29mcmVuZGFzZm90b2dyYWZpY2FzLm5ldFwvd3AtY29udGVudFwvdXBsb2Fkc1wvMjAyNFwvMDdcL0FjY2lvbi1HcmltYWxkaS0wMS5qcGciLCJzbGlkZXNob3ciOiI1YmU3Mzg3In0%3D\" href='https:\/\/ofrendasfotograficas.net\/wp-content\/uploads\/2024\/07\/Accion-Grimaldi-01.jpg'><img width=\"950\" height=\"635\" src=\"https:\/\/ofrendasfotograficas.net\/wp-content\/uploads\/2024\/07\/Accion-Grimaldi-01-1024x684.jpg\" class=\"attachment-large size-large\" alt=\"Manos sostienen varios papeles impresos que tienen lanas de diferentes colores y un trozo de tela. Las hojas est\u00e1n dobladas por la mitad y la aguja engancha todos los elementos. El texto corresponde al desarrollado por Mane Adaro para el proyecto.\" decoding=\"async\" loading=\"lazy\" srcset=\"https:\/\/ofrendasfotograficas.net\/wp-content\/uploads\/2024\/07\/Accion-Grimaldi-01-1024x684.jpg 1024w, https:\/\/ofrendasfotograficas.net\/wp-content\/uploads\/2024\/07\/Accion-Grimaldi-01-300x200.jpg 300w, https:\/\/ofrendasfotograficas.net\/wp-content\/uploads\/2024\/07\/Accion-Grimaldi-01-768x513.jpg 768w, https:\/\/ofrendasfotograficas.net\/wp-content\/uploads\/2024\/07\/Accion-Grimaldi-01-1536x1026.jpg 1536w, https:\/\/ofrendasfotograficas.net\/wp-content\/uploads\/2024\/07\/Accion-Grimaldi-01-600x401.jpg 600w, https:\/\/ofrendasfotograficas.net\/wp-content\/uploads\/2024\/07\/Accion-Grimaldi-01-1200x801.jpg 1200w, https:\/\/ofrendasfotograficas.net\/wp-content\/uploads\/2024\/07\/Accion-Grimaldi-01.jpg 1980w\" sizes=\"100vw\" \/><\/a>\n\t\t\t<\/div><\/figure><figure class='gallery-item'>\n\t\t\t<div class='gallery-icon landscape'>\n\t\t\t\t<a data-elementor-open-lightbox=\"yes\" data-elementor-lightbox-slideshow=\"5be7387\" data-elementor-lightbox-title=\"Accion Grimaldi 02\" data-e-action-hash=\"#elementor-action%3Aaction%3Dlightbox%26settings%3DeyJpZCI6MTQ3NywidXJsIjoiaHR0cHM6XC9cL29mcmVuZGFzZm90b2dyYWZpY2FzLm5ldFwvd3AtY29udGVudFwvdXBsb2Fkc1wvMjAyNFwvMDdcL0FjY2lvbi1HcmltYWxkaS0wMi5qcGciLCJzbGlkZXNob3ciOiI1YmU3Mzg3In0%3D\" href='https:\/\/ofrendasfotograficas.net\/wp-content\/uploads\/2024\/07\/Accion-Grimaldi-02.jpg'><img width=\"950\" height=\"635\" src=\"https:\/\/ofrendasfotograficas.net\/wp-content\/uploads\/2024\/07\/Accion-Grimaldi-02-1024x684.jpg\" class=\"attachment-large size-large\" alt=\"Dos mujeres bordan concentradamente sentadas en sillas pl\u00e1sticas blancas, tras ellas rumas de m\u00e1s sillas del mismo estilo. Se alcanza a ver un poco de la mesa donde hay un vaso y una carpeta.\" decoding=\"async\" loading=\"lazy\" srcset=\"https:\/\/ofrendasfotograficas.net\/wp-content\/uploads\/2024\/07\/Accion-Grimaldi-02-1024x684.jpg 1024w, https:\/\/ofrendasfotograficas.net\/wp-content\/uploads\/2024\/07\/Accion-Grimaldi-02-300x200.jpg 300w, https:\/\/ofrendasfotograficas.net\/wp-content\/uploads\/2024\/07\/Accion-Grimaldi-02-768x513.jpg 768w, https:\/\/ofrendasfotograficas.net\/wp-content\/uploads\/2024\/07\/Accion-Grimaldi-02-1536x1026.jpg 1536w, https:\/\/ofrendasfotograficas.net\/wp-content\/uploads\/2024\/07\/Accion-Grimaldi-02-600x401.jpg 600w, https:\/\/ofrendasfotograficas.net\/wp-content\/uploads\/2024\/07\/Accion-Grimaldi-02-1200x801.jpg 1200w, https:\/\/ofrendasfotograficas.net\/wp-content\/uploads\/2024\/07\/Accion-Grimaldi-02.jpg 1980w\" sizes=\"100vw\" \/><\/a>\n\t\t\t<\/div><\/figure><figure class='gallery-item'>\n\t\t\t<div class='gallery-icon landscape'>\n\t\t\t\t<a data-elementor-open-lightbox=\"yes\" data-elementor-lightbox-slideshow=\"5be7387\" data-elementor-lightbox-title=\"Accion Grimaldi 03\" data-e-action-hash=\"#elementor-action%3Aaction%3Dlightbox%26settings%3DeyJpZCI6MTQ3OCwidXJsIjoiaHR0cHM6XC9cL29mcmVuZGFzZm90b2dyYWZpY2FzLm5ldFwvd3AtY29udGVudFwvdXBsb2Fkc1wvMjAyNFwvMDdcL0FjY2lvbi1HcmltYWxkaS0wMy5qcGciLCJzbGlkZXNob3ciOiI1YmU3Mzg3In0%3D\" href='https:\/\/ofrendasfotograficas.net\/wp-content\/uploads\/2024\/07\/Accion-Grimaldi-03.jpg'><img width=\"950\" height=\"635\" src=\"https:\/\/ofrendasfotograficas.net\/wp-content\/uploads\/2024\/07\/Accion-Grimaldi-03-1024x684.jpg\" class=\"attachment-large size-large\" alt=\"Dos mujeres bordando en un d\u00eda soleado. Ambas est\u00e1n sentadas sobre una estructura de cemento. Ambas sonrien concentradas en su labor.\" decoding=\"async\" loading=\"lazy\" srcset=\"https:\/\/ofrendasfotograficas.net\/wp-content\/uploads\/2024\/07\/Accion-Grimaldi-03-1024x684.jpg 1024w, https:\/\/ofrendasfotograficas.net\/wp-content\/uploads\/2024\/07\/Accion-Grimaldi-03-300x200.jpg 300w, https:\/\/ofrendasfotograficas.net\/wp-content\/uploads\/2024\/07\/Accion-Grimaldi-03-768x513.jpg 768w, https:\/\/ofrendasfotograficas.net\/wp-content\/uploads\/2024\/07\/Accion-Grimaldi-03-1536x1026.jpg 1536w, https:\/\/ofrendasfotograficas.net\/wp-content\/uploads\/2024\/07\/Accion-Grimaldi-03-600x401.jpg 600w, https:\/\/ofrendasfotograficas.net\/wp-content\/uploads\/2024\/07\/Accion-Grimaldi-03-1200x801.jpg 1200w, https:\/\/ofrendasfotograficas.net\/wp-content\/uploads\/2024\/07\/Accion-Grimaldi-03.jpg 1980w\" sizes=\"100vw\" \/><\/a>\n\t\t\t<\/div><\/figure><figure class='gallery-item'>\n\t\t\t<div class='gallery-icon landscape'>\n\t\t\t\t<a data-elementor-open-lightbox=\"yes\" data-elementor-lightbox-slideshow=\"5be7387\" data-elementor-lightbox-title=\"Accion Grimaldi 04\" data-e-action-hash=\"#elementor-action%3Aaction%3Dlightbox%26settings%3DeyJpZCI6MTQ3OSwidXJsIjoiaHR0cHM6XC9cL29mcmVuZGFzZm90b2dyYWZpY2FzLm5ldFwvd3AtY29udGVudFwvdXBsb2Fkc1wvMjAyNFwvMDdcL0FjY2lvbi1HcmltYWxkaS0wNC5qcGciLCJzbGlkZXNob3ciOiI1YmU3Mzg3In0%3D\" href='https:\/\/ofrendasfotograficas.net\/wp-content\/uploads\/2024\/07\/Accion-Grimaldi-04.jpg'><img width=\"950\" height=\"635\" src=\"https:\/\/ofrendasfotograficas.net\/wp-content\/uploads\/2024\/07\/Accion-Grimaldi-04-1024x684.jpg\" class=\"attachment-large size-large\" alt=\"Detalle del bordado de una mujer que est\u00e1 sin zapatos sobre el pasto. La fotograf\u00eda es tomada desde arriba y tras la mujer, enfocando las manos que sostienen el bordado de color fucsia.\" decoding=\"async\" loading=\"lazy\" srcset=\"https:\/\/ofrendasfotograficas.net\/wp-content\/uploads\/2024\/07\/Accion-Grimaldi-04-1024x684.jpg 1024w, https:\/\/ofrendasfotograficas.net\/wp-content\/uploads\/2024\/07\/Accion-Grimaldi-04-300x200.jpg 300w, https:\/\/ofrendasfotograficas.net\/wp-content\/uploads\/2024\/07\/Accion-Grimaldi-04-768x513.jpg 768w, https:\/\/ofrendasfotograficas.net\/wp-content\/uploads\/2024\/07\/Accion-Grimaldi-04-1536x1026.jpg 1536w, https:\/\/ofrendasfotograficas.net\/wp-content\/uploads\/2024\/07\/Accion-Grimaldi-04-600x401.jpg 600w, https:\/\/ofrendasfotograficas.net\/wp-content\/uploads\/2024\/07\/Accion-Grimaldi-04-1200x801.jpg 1200w, https:\/\/ofrendasfotograficas.net\/wp-content\/uploads\/2024\/07\/Accion-Grimaldi-04.jpg 1980w\" sizes=\"100vw\" \/><\/a>\n\t\t\t<\/div><\/figure>\n\t\t<\/div>\n\t\t<\/div>\n\t\t\t\t<\/div>\n\t\t\t\t<\/div>\n\t\t\t\t\t<\/div>\n\t\t<\/div>\n\t\t\t\t\t\t\t<\/div>\n\t\t<\/section>\n\t\t\t\t<section class=\"elementor-section elementor-top-section elementor-element elementor-element-45be963 elementor-section-boxed elementor-section-height-default elementor-section-height-default\" data-id=\"45be963\" data-element_type=\"section\">\n\t\t\t\t\t\t<div class=\"elementor-container elementor-column-gap-default\">\n\t\t\t\t\t<div class=\"elementor-column elementor-col-100 elementor-top-column elementor-element elementor-element-761f224\" data-id=\"761f224\" data-element_type=\"column\">\n\t\t\t<div class=\"elementor-widget-wrap elementor-element-populated\">\n\t\t\t\t\t\t\t\t<div class=\"elementor-element elementor-element-dc719c5 elementor-widget elementor-widget-text-editor\" data-id=\"dc719c5\" data-element_type=\"widget\" data-widget_type=\"text-editor.default\">\n\t\t\t\t<div class=\"elementor-widget-container\">\n\t\t\t\t\t\t\t<p>\u00a0<\/p><p>\u00a0<\/p>\t\t\t\t\t\t<\/div>\n\t\t\t\t<\/div>\n\t\t\t\t\t<\/div>\n\t\t<\/div>\n\t\t\t\t\t\t\t<\/div>\n\t\t<\/section>\n\t\t\t\t\t\t\t<\/div>\n\t\t","protected":false},"excerpt":{"rendered":"<p>-Acci\u00f3n de Bordado colectivo en Villa Grimaldi, Santiago (2015). Actividad de bordado colectivo, donde convocamos a un grupo de personas a reunirse y bordar los nombres de mujeres v\u00edctimas de femicidio durante ese a\u00f1o, activando un espacio de reflexi\u00f3n, creaci\u00f3n y di\u00e1logo comunitario. En esta oportunidad se bord\u00f3 un gran lienzo con la frase \u201cla &hellip; <\/p>\n<p class=\"link-more\"><a href=\"https:\/\/ofrendasfotograficas.net\/?page_id=753\" class=\"more-link\">Leer m\u00e1s<span class=\"screen-reader-text\"> \u00abOfrendas Villa Grimaldi\u00bb<\/span><\/a><\/p>\n","protected":false},"author":1,"featured_media":0,"parent":0,"menu_order":0,"comment_status":"closed","ping_status":"closed","template":"","meta":[],"featured_media_urls":[],"_links":{"self":[{"href":"https:\/\/ofrendasfotograficas.net\/index.php?rest_route=\/wp\/v2\/pages\/753"}],"collection":[{"href":"https:\/\/ofrendasfotograficas.net\/index.php?rest_route=\/wp\/v2\/pages"}],"about":[{"href":"https:\/\/ofrendasfotograficas.net\/index.php?rest_route=\/wp\/v2\/types\/page"}],"author":[{"embeddable":true,"href":"https:\/\/ofrendasfotograficas.net\/index.php?rest_route=\/wp\/v2\/users\/1"}],"replies":[{"embeddable":true,"href":"https:\/\/ofrendasfotograficas.net\/index.php?rest_route=%2Fwp%2Fv2%2Fcomments&post=753"}],"version-history":[{"count":25,"href":"https:\/\/ofrendasfotograficas.net\/index.php?rest_route=\/wp\/v2\/pages\/753\/revisions"}],"predecessor-version":[{"id":1931,"href":"https:\/\/ofrendasfotograficas.net\/index.php?rest_route=\/wp\/v2\/pages\/753\/revisions\/1931"}],"wp:attachment":[{"href":"https:\/\/ofrendasfotograficas.net\/index.php?rest_route=%2Fwp%2Fv2%2Fmedia&parent=753"}],"curies":[{"name":"wp","href":"https:\/\/api.w.org\/{rel}","templated":true}]}}